CRAN Package Check Results for Package modules

Last updated on 2023-02-04 19:58:17 CET.

Flavor Version Tinstall Tcheck Ttotal Status Flags
r-devel-linux-x86_64-debian-clang 0.10.0 2.38 36.33 38.71 NOTE
r-devel-linux-x86_64-debian-gcc 0.10.0 2.09 28.53 30.62 NOTE
r-devel-linux-x86_64-fedora-clang 0.10.0 49.93 NOTE
r-devel-linux-x86_64-fedora-gcc 0.10.0 121.43 NOTE
r-devel-windows-x86_64 0.10.0 27.00 76.00 103.00 NOTE
r-patched-linux-x86_64 0.10.0 2.86 35.91 38.77 NOTE
r-release-linux-x86_64 0.10.0 2.37 53.46 55.83 NOTE
r-release-macos-arm64 0.10.0 35.00 NOTE
r-release-macos-x86_64 0.10.0 54.00 NOTE
r-release-windows-x86_64 0.10.0 29.00 135.00 164.00 NOTE
r-oldrel-macos-arm64 0.10.0 52.00 NOTE
r-oldrel-macos-x86_64 0.10.0 102.00 NOTE
r-oldrel-windows-ix86+x86_64 0.10.0 7.00 71.00 78.00 NOTE

Check Details

Version: 0.10.0
Check: LazyData
Result: NOTE
     'LazyData' is specified without a 'data' directory
Flavors: r-devel-linux-x86_64-debian-clang, r-devel-linux-x86_64-debian-gcc, r-devel-linux-x86_64-fedora-clang, r-devel-linux-x86_64-fedora-gcc, r-devel-windows-x86_64, r-patched-linux-x86_64, r-release-linux-x86_64, r-release-macos-arm64, r-release-macos-x86_64, r-release-windows-x86_64, r-oldrel-macos-arm64, r-oldrel-macos-x86_64, r-oldrel-windows-ix86+x86_64