Last updated on 2023-03-28 08:54:55 CEST.
Flavor | Version | Tinstall | Tcheck | Ttotal | Status | Flags |
---|---|---|---|---|---|---|
r-devel-linux-x86_64-debian-clang | 1.1.1.0 | 18.24 | 216.53 | 234.77 | WARN | |
r-devel-linux-x86_64-debian-gcc | 1.1.1.0 | 13.20 | 161.33 | 174.53 | WARN | |
r-devel-linux-x86_64-fedora-clang | 1.1.1.0 | 276.98 | WARN | |||
r-devel-linux-x86_64-fedora-gcc | 1.1.1.0 | 290.15 | WARN | |||
r-patched-linux-x86_64 | 1.1.1.0 | 19.30 | 199.68 | 218.98 | WARN | |
r-release-linux-x86_64 | 1.1.1.0 | 10.96 | 199.70 | 210.66 | NOTE | |
r-release-macos-arm64 | 1.1.1.0 | 88.00 | NOTE | |||
r-release-macos-x86_64 | 1.1.1.0 | 134.00 | NOTE | |||
r-release-windows-x86_64 | 1.1.1.0 | 30.00 | 242.00 | 272.00 | NOTE | |
r-oldrel-macos-arm64 | 1.1.1.0 | 96.00 | NOTE | |||
r-oldrel-macos-x86_64 | 1.1.1.0 | 132.00 | NOTE | |||
r-oldrel-windows-ix86+x86_64 | 1.1.1.0 | 36.00 | 244.00 | 280.00 | NOTE |
Version: 1.1.1.0
Check: S3 generic/method consistency
Result: WARN
train:
function(x, ...)
train.model_grid:
function(mg, train_all, resample_seed)
See section ‘Generic functions and methods’ in the ‘Writing R
Extensions’ manual.
Flavors: r-devel-linux-x86_64-debian-clang, r-devel-linux-x86_64-debian-gcc, r-devel-linux-x86_64-fedora-clang, r-devel-linux-x86_64-fedora-gcc, r-patched-linux-x86_64
Version: 1.1.1.0
Check: LazyData
Result: NOTE
'LazyData' is specified without a 'data' directory
Flavors: r-devel-linux-x86_64-debian-clang, r-devel-linux-x86_64-debian-gcc, r-devel-linux-x86_64-fedora-clang, r-devel-linux-x86_64-fedora-gcc, r-patched-linux-x86_64, r-release-linux-x86_64, r-release-macos-arm64, r-release-macos-x86_64, r-release-windows-x86_64, r-oldrel-macos-arm64, r-oldrel-macos-x86_64, r-oldrel-windows-ix86+x86_64
Version: 1.1.1.0
Check: dependencies in R code
Result: NOTE
Namespaces in Imports field not imported from:
‘ggplot2’ ‘lattice’
All declared Imports should be used.
Flavors: r-devel-linux-x86_64-fedora-clang, r-devel-linux-x86_64-fedora-gcc, r-release-macos-arm64, r-release-macos-x86_64, r-oldrel-macos-arm64, r-oldrel-macos-x86_64