CRAN Package Check Results for Package modeLLtest

Last updated on 2022-08-08 20:53:51 CEST.

Flavor Version Tinstall Tcheck Ttotal Status Flags
r-devel-linux-x86_64-debian-clang 1.0.4 81.36 107.23 188.59 OK
r-devel-linux-x86_64-debian-gcc 1.0.4 71.35 81.97 153.32 OK
r-devel-linux-x86_64-fedora-clang 1.0.4 267.49 NOTE
r-devel-linux-x86_64-fedora-gcc 1.0.4 251.61 NOTE
r-devel-windows-x86_64 1.0.4 77.00 155.00 232.00 OK
r-patched-linux-x86_64 1.0.4 77.58 102.39 179.97 OK
r-release-linux-x86_64 1.0.4 OK
r-release-macos-arm64 1.0.4 59.00 NOTE
r-release-macos-x86_64 1.0.4 90.00 NOTE
r-release-windows-x86_64 1.0.4 74.00 153.00 227.00 OK
r-oldrel-macos-arm64 1.0.4 79.00 NOTE
r-oldrel-macos-x86_64 1.0.4 90.00 NOTE
r-oldrel-windows-ix86+x86_64 1.0.4 219.00 191.00 410.00 OK

Check Details

Version: 1.0.4
Check: data for non-ASCII characters
Result: NOTE
     Note: found 18 marked Latin-1 strings
Flavors: r-devel-linux-x86_64-fedora-clang, r-devel-linux-x86_64-fedora-gcc, r-release-macos-arm64, r-release-macos-x86_64, r-oldrel-macos-arm64, r-oldrel-macos-x86_64