CRAN Package Check Results for Package mmcif

Last updated on 2022-11-28 06:50:16 CET.

Flavor Version Tinstall Tcheck Ttotal Status Flags
r-devel-linux-x86_64-debian-clang 0.1.1 350.23 86.32 436.55 OK
r-devel-linux-x86_64-debian-gcc 0.1.1 266.83 59.63 326.46 OK
r-devel-linux-x86_64-fedora-clang 0.1.1 655.62 OK
r-devel-linux-x86_64-fedora-gcc 0.1.1 587.65 OK
r-devel-windows-x86_64 0.1.1 288.00 138.00 426.00 OK
r-patched-linux-x86_64 0.1.1 287.41 79.48 366.89 OK
r-release-linux-x86_64 0.1.1 273.46 76.55 350.01 OK
r-release-macos-arm64 0.1.1 129.00 NOTE
r-release-macos-x86_64 0.1.1 165.00 NOTE
r-release-windows-x86_64 0.1.1 288.00 139.00 427.00 OK
r-oldrel-macos-arm64 0.1.1 133.00 NOTE
r-oldrel-macos-x86_64 0.1.1 218.00 NOTE
r-oldrel-windows-ix86+x86_64 0.1.1 824.00 185.00 1009.00 NOTE

Check Details

Version: 0.1.1
Check: installed package size
Result: NOTE
     installed size is 17.5Mb
     sub-directories of 1Mb or more:
     doc 1.3Mb
     libs 15.8Mb
Flavors: r-release-macos-arm64, r-release-macos-x86_64, r-oldrel-macos-arm64, r-oldrel-macos-x86_64, r-oldrel-windows-ix86+x86_64