Last updated on 2022-08-10 08:52:38 CEST.
Flavor | Version | Tinstall | Tcheck | Ttotal | Status | Flags |
---|---|---|---|---|---|---|
r-devel-linux-x86_64-debian-clang | 0.4.2 | 5.52 | 102.36 | 107.88 | NOTE | |
r-devel-linux-x86_64-debian-gcc | 0.5.0 | 4.42 | 80.98 | 85.40 | OK | |
r-devel-linux-x86_64-fedora-clang | 0.5.0 | 88.67 | OK | |||
r-devel-linux-x86_64-fedora-gcc | 0.5.0 | 92.78 | OK | |||
r-devel-windows-x86_64 | 0.4.2 | 16.00 | 144.00 | 160.00 | OK | |
r-patched-linux-x86_64 | 0.4.2 | 9.73 | 94.15 | 103.88 | OK | |
r-release-linux-x86_64 | 0.4.2 | OK | ||||
r-release-macos-arm64 | 0.4.2 | 46.00 | OK | |||
r-release-macos-x86_64 | 0.4.2 | 56.00 | OK | |||
r-release-windows-x86_64 | 0.5.0 | 18.00 | 140.00 | 158.00 | OK | |
r-oldrel-macos-arm64 | 0.4.2 | 55.00 | OK | |||
r-oldrel-macos-x86_64 | 0.4.2 | 55.00 | OK | |||
r-oldrel-windows-ix86+x86_64 | 0.5.0 | 13.00 | 139.00 | 152.00 | OK |
Version: 0.4.2
Check: HTML version of manual
Result: NOTE
Found the following HTML validation problems:
DataBackendDplyr.html:110:6: Warning: missing </span> before <p>
DataBackendDplyr.html:110:90: Warning: inserting implicit <span>
DataBackendDplyr.html:113:6: Warning: missing </span> before <p>
DataBackendDplyr.html:113:89: Warning: inserting implicit <span>
DataBackendDplyr.html:110:6: Warning: trimming empty <span>
DataBackendDplyr.html:113:6: Warning: trimming empty <span>
DataBackendDuckDB.html:114:6: Warning: missing </span> before <p>
DataBackendDuckDB.html:114:90: Warning: inserting implicit <span>
DataBackendDuckDB.html:117:6: Warning: missing </span> before <p>
DataBackendDuckDB.html:117:89: Warning: inserting implicit <span>
DataBackendDuckDB.html:114:6: Warning: trimming empty <span>
DataBackendDuckDB.html:117:6: Warning: trimming empty <span>
Flavor: r-devel-linux-x86_64-debian-clang