CRAN Package Check Results for Package mlquantify

Last updated on 2022-08-19 08:53:48 CEST.

Flavor Version Tinstall Tcheck Ttotal Status Flags
r-devel-linux-x86_64-debian-clang 0.2.0 3.41 44.85 48.26 OK
r-devel-linux-x86_64-debian-gcc 0.2.0 2.34 34.63 36.97 OK
r-devel-linux-x86_64-fedora-clang 0.2.0 68.39 NOTE
r-devel-linux-x86_64-fedora-gcc 0.2.0 70.13 NOTE
r-devel-windows-x86_64 0.2.0 20.00 75.00 95.00 OK
r-patched-linux-x86_64 0.2.0 3.47 42.57 46.04 OK
r-release-linux-x86_64 0.2.0 OK
r-release-macos-arm64 0.2.0 24.00 NOTE
r-release-macos-x86_64 0.2.0 40.00 NOTE
r-release-windows-x86_64 0.2.0 21.00 75.00 96.00 OK
r-oldrel-macos-arm64 0.2.0 24.00 NOTE
r-oldrel-macos-x86_64 0.2.0 31.00 NOTE
r-oldrel-windows-ix86+x86_64 0.2.0 7.00 75.00 82.00 OK

Check Details

Version: 0.2.0
Check: dependencies in R code
Result: NOTE
    Namespaces in Imports field not imported from:
     ‘caret’ ‘randomForest’
     All declared Imports should be used.
Flavors: r-devel-linux-x86_64-fedora-clang, r-devel-linux-x86_64-fedora-gcc, r-release-macos-arm64, r-release-macos-x86_64, r-oldrel-macos-arm64, r-oldrel-macos-x86_64