CRAN Package Check Results for Package mlegp

Last updated on 2022-12-07 19:53:06 CET.

Flavor Version Tinstall Tcheck Ttotal Status Flags
r-devel-linux-x86_64-debian-clang 3.1.9 9.20 39.45 48.65 NOTE
r-devel-linux-x86_64-debian-gcc 3.1.9 5.90 30.34 36.24 NOTE
r-devel-linux-x86_64-fedora-clang 3.1.9 69.56 NOTE
r-devel-linux-x86_64-fedora-gcc 3.1.9 77.44 NOTE
r-devel-windows-x86_64 3.1.9 30.00 90.00 120.00 NOTE
r-patched-linux-x86_64 3.1.9 7.63 37.32 44.95 OK
r-release-linux-x86_64 3.1.9 7.05 37.22 44.27 OK
r-release-macos-arm64 3.1.9 24.00 OK
r-release-macos-x86_64 3.1.9 35.00 OK
r-release-windows-x86_64 3.1.9 31.00 84.00 115.00 OK
r-oldrel-macos-arm64 3.1.9 28.00 OK
r-oldrel-macos-x86_64 3.1.9 32.00 OK
r-oldrel-windows-ix86+x86_64 3.1.9 18.00 77.00 95.00 OK

Check Details

Version: 3.1.9
Check: Rd files
Result: NOTE
    checkRd: (-1) gp.list.Rd:16: Escaped LaTeX specials: \#
Flavors: r-devel-linux-x86_64-debian-clang, r-devel-linux-x86_64-debian-gcc, r-devel-linux-x86_64-fedora-clang, r-devel-linux-x86_64-fedora-gcc, r-devel-windows-x86_64