CRAN Package Check Results for Package miscF

Last updated on 2022-09-27 20:53:06 CEST.

Flavor Version Tinstall Tcheck Ttotal Status Flags
r-devel-linux-x86_64-debian-clang 0.1-5 14.46 89.90 104.36 OK
r-devel-linux-x86_64-debian-gcc 0.1-5 9.99 67.69 77.68 OK
r-devel-linux-x86_64-fedora-clang 0.1-5 144.30 NOTE
r-devel-linux-x86_64-fedora-gcc 0.1-5 139.40 OK
r-devel-windows-x86_64 0.1-5 26.00 118.00 144.00 NOTE
r-patched-linux-x86_64 0.1-5 13.49 85.44 98.93 OK
r-release-linux-x86_64 0.1-5 12.73 85.61 98.34 OK
r-release-macos-arm64 0.1-5 52.00 NOTE
r-release-macos-x86_64 0.1-5 61.00 NOTE
r-release-windows-x86_64 0.1-5 27.00 120.00 147.00 NOTE
r-oldrel-macos-arm64 0.1-5 42.00 NOTE
r-oldrel-macos-x86_64 0.1-5 71.00 NOTE
r-oldrel-windows-ix86+x86_64 0.1-5 37.00 138.00 175.00 OK

Check Details

Version: 0.1-5
Check: Rd cross-references
Result: NOTE
    Undeclared packages ‘pspline’, ‘lme4’ in Rd xrefs
Flavor: r-devel-linux-x86_64-fedora-clang

Version: 0.1-5
Check: package dependencies
Result: NOTE
    Package suggested but not available for checking: 'BRugs'
Flavors: r-devel-windows-x86_64, r-release-windows-x86_64

Version: 0.1-5
Check: package dependencies
Result: NOTE
    Packages suggested but not available for checking: 'mixAK', 'BRugs'
Flavors: r-release-macos-arm64, r-release-macos-x86_64, r-oldrel-macos-arm64, r-oldrel-macos-x86_64

Version: 0.1-5
Check: Rd cross-references
Result: NOTE
    Package unavailable to check Rd xrefs: ‘mixAK’
Flavors: r-release-macos-arm64, r-release-macos-x86_64, r-oldrel-macos-arm64, r-oldrel-macos-x86_64