Last updated on 2025-01-18 19:49:13 CET.
Flavor | Version | Tinstall | Tcheck | Ttotal | Status | Flags |
---|---|---|---|---|---|---|
r-devel-linux-x86_64-debian-clang | 0.4.4 | 15.66 | 137.75 | 153.41 | NOTE | |
r-devel-linux-x86_64-debian-gcc | 0.4.4 | 10.29 | 96.68 | 106.97 | NOTE | |
r-devel-linux-x86_64-fedora-clang | 0.4.4 | 262.37 | NOTE | |||
r-devel-linux-x86_64-fedora-gcc | 0.4.4 | 276.19 | NOTE | |||
r-devel-windows-x86_64 | 0.4.4 | 17.00 | 373.00 | 390.00 | NOTE | |
r-patched-linux-x86_64 | 0.4.4 | 18.51 | 128.19 | 146.70 | OK | |
r-release-linux-x86_64 | 0.4.4 | 14.23 | 126.83 | 141.06 | OK | |
r-release-macos-arm64 | 0.4.4 | 75.00 | OK | |||
r-release-macos-x86_64 | 0.4.4 | 115.00 | OK | |||
r-release-windows-x86_64 | 0.4.4 | 17.00 | 401.00 | 418.00 | OK | |
r-oldrel-macos-arm64 | 0.4.4 | 80.00 | OK | |||
r-oldrel-macos-x86_64 | 0.4.4 | 122.00 | OK | |||
r-oldrel-windows-x86_64 | 0.4.4 | 20.00 | 319.00 | 339.00 | OK |
Version: 0.4.4
Check: Rd cross-references
Result: NOTE
Found the following Rd file(s) with Rd \link{} targets missing package
anchors:
coef.wqs.Rd: glm2
estimate.wqs.Rd: glm2
Please provide package anchors for all Rd \link{} targets not in the
package itself and the base packages.
Flavors: r-devel-linux-x86_64-debian-clang, r-devel-linux-x86_64-debian-gcc, r-devel-windows-x86_64
Version: 0.4.4
Check: for detritus in the temp directory
Result: NOTE
Found the following files/directories:
‘par-7269706c6579’
Flavors: r-devel-linux-x86_64-fedora-clang, r-devel-linux-x86_64-fedora-gcc