Last updated on 2023-12-01 07:50:11 CET.
Flavor | Version | Tinstall | Tcheck | Ttotal | Status | Flags |
---|---|---|---|---|---|---|
r-devel-linux-x86_64-debian-clang | 1.3.3 | 5.35 | 112.59 | 117.94 | NOTE | |
r-devel-linux-x86_64-debian-gcc | 1.3.3 | 4.96 | 83.30 | 88.26 | NOTE | |
r-devel-linux-x86_64-fedora-clang | 1.3.3 | 153.72 | NOTE | |||
r-devel-linux-x86_64-fedora-gcc | 1.3.3 | 152.77 | NOTE | |||
r-devel-windows-x86_64 | 1.3.3 | 7.00 | 107.00 | 114.00 | NOTE | |
r-patched-linux-x86_64 | 1.3.3 | 6.00 | 107.04 | 113.04 | NOTE | |
r-release-linux-x86_64 | 1.3.3 | 4.32 | 105.90 | 110.22 | NOTE | |
r-release-macos-arm64 | 1.3.3 | 49.00 | NOTE | |||
r-release-macos-x86_64 | 1.3.3 | 105.00 | NOTE | |||
r-release-windows-x86_64 | 1.3.3 | 9.00 | 128.00 | 137.00 | NOTE | |
r-oldrel-macos-arm64 | 1.3.3 | 47.00 | NOTE | |||
r-oldrel-macos-x86_64 | 1.3.3 | 93.00 | NOTE | |||
r-oldrel-windows-x86_64 | 1.3.3 | 9.00 | 132.00 | 141.00 | NOTE |
Version: 1.3.3
Check: LazyData
Result: NOTE
'LazyData' is specified without a 'data' directory
Flavors: r-devel-linux-x86_64-debian-clang, r-devel-linux-x86_64-debian-gcc, r-devel-linux-x86_64-fedora-clang, r-devel-linux-x86_64-fedora-gcc, r-devel-windows-x86_64, r-patched-linux-x86_64, r-release-linux-x86_64, r-release-macos-arm64, r-release-macos-x86_64, r-release-windows-x86_64, r-oldrel-macos-arm64, r-oldrel-macos-x86_64, r-oldrel-windows-x86_64