Last updated on 2023-03-22 07:57:38 CET.
Flavor | Version | Tinstall | Tcheck | Ttotal | Status | Flags |
---|---|---|---|---|---|---|
r-devel-linux-x86_64-debian-clang | 1.3.3 | 5.69 | 114.43 | 120.12 | NOTE | |
r-devel-linux-x86_64-debian-gcc | 1.3.3 | 3.62 | 84.80 | 88.42 | NOTE | |
r-devel-linux-x86_64-fedora-clang | 1.3.3 | 145.78 | NOTE | |||
r-devel-linux-x86_64-fedora-gcc | 1.3.3 | 150.91 | NOTE | |||
r-patched-linux-x86_64 | 1.3.3 | 6.48 | 110.12 | 116.60 | NOTE | |
r-release-linux-x86_64 | 1.3.3 | 6.61 | 108.90 | 115.51 | NOTE | |
r-release-macos-arm64 | 1.3.3 | 47.00 | NOTE | |||
r-release-macos-x86_64 | 1.3.3 | 93.00 | NOTE | |||
r-release-windows-x86_64 | 1.3.3 | 14.00 | 155.00 | 169.00 | NOTE | |
r-oldrel-macos-arm64 | 1.3.3 | 48.00 | NOTE | |||
r-oldrel-macos-x86_64 | 1.3.3 | 71.00 | NOTE | |||
r-oldrel-windows-ix86+x86_64 | 1.3.3 | 16.00 | 142.00 | 158.00 | NOTE |
Version: 1.3.3
Check: LazyData
Result: NOTE
'LazyData' is specified without a 'data' directory
Flavors: r-devel-linux-x86_64-debian-clang, r-devel-linux-x86_64-debian-gcc, r-devel-linux-x86_64-fedora-clang, r-devel-linux-x86_64-fedora-gcc, r-patched-linux-x86_64, r-release-linux-x86_64, r-release-macos-arm64, r-release-macos-x86_64, r-release-windows-x86_64, r-oldrel-macos-arm64, r-oldrel-macos-x86_64, r-oldrel-windows-ix86+x86_64