Last updated on 2023-02-04 08:01:20 CET.
Flavor | Version | Tinstall | Tcheck | Ttotal | Status | Flags |
---|---|---|---|---|---|---|
r-devel-linux-x86_64-debian-clang | 1.8-41 | 111.80 | 555.74 | 667.54 | WARN | |
r-devel-linux-x86_64-debian-gcc | 1.8-41 | 85.37 | 406.57 | 491.94 | OK | |
r-devel-linux-x86_64-fedora-clang | 1.8-41 | 811.88 | WARN | |||
r-devel-linux-x86_64-fedora-gcc | 1.8-41 | 787.62 | OK | |||
r-devel-windows-x86_64 | 1.8-41 | 188.00 | 578.00 | 766.00 | OK | |
r-patched-linux-x86_64 | 1.8-41 | 98.24 | 519.16 | 617.40 | OK | |
r-release-linux-x86_64 | 1.8-41 | 88.20 | 526.48 | 614.68 | OK | |
r-release-macos-arm64 | 1.8-41 | 200.00 | OK | |||
r-release-macos-x86_64 | 1.8-41 | 261.00 | OK | |||
r-release-windows-x86_64 | 1.8-41 | 176.00 | 590.00 | 766.00 | OK | |
r-oldrel-macos-arm64 | 1.8-41 | 179.00 | OK | |||
r-oldrel-macos-x86_64 | 1.8-41 | 256.00 | OK | |||
r-oldrel-windows-ix86+x86_64 | 1.8-41 | 184.00 | 834.00 | 1018.00 | OK |
Version: 1.8-41
Check: whether package can be installed
Result: WARN
Found the following significant warnings:
matrix.c:172:26: warning: a function declaration without a prototype is deprecated in all versions of C [-Wstrict-prototypes]
See ‘/home/hornik/tmp/R.check/r-devel-clang/Work/PKGS/mgcv.Rcheck/00install.out’ for details.
* used C compiler: ‘Debian clang version 15.0.6’
Flavor: r-devel-linux-x86_64-debian-clang
Version: 1.8-41
Check: whether package can be installed
Result: WARN
Found the following significant warnings:
matrix.c:172:26: warning: a function declaration without a prototype is deprecated in all versions of C [-Wstrict-prototypes]
See ‘/data/gannet/ripley/R/packages/tests-clang/mgcv.Rcheck/00install.out’ for details.
* used C compiler: ‘clang version 15.0.7’
Flavor: r-devel-linux-x86_64-fedora-clang