CRAN Package Check Results for Package mgcv

Last updated on 2024-02-23 07:52:14 CET.

Flavor Version Tinstall Tcheck Ttotal Status Flags
r-devel-linux-x86_64-debian-clang 1.9-1 OK
r-devel-linux-x86_64-debian-gcc 1.9-1 89.03 368.75 457.78 OK
r-devel-linux-x86_64-fedora-clang 1.9-1 723.52 OK
r-devel-linux-x86_64-fedora-gcc 1.9-1 737.19 OK
r-devel-windows-x86_64 1.9-1 89.00 376.00 465.00 OK
r-patched-linux-x86_64 1.9-1 116.12 491.26 607.38 OK
r-release-linux-x86_64 1.9-1 95.95 493.54 589.49 OK
r-release-macos-arm64 1.9-1 194.00 OK
r-release-macos-x86_64 1.9-1 424.00 NOTE
r-release-windows-x86_64 1.9-1 119.00 480.00 599.00 OK
r-oldrel-macos-arm64 1.9-1 191.00 OK
r-oldrel-windows-x86_64 1.9-1 118.00 440.00 558.00 OK

Check Details

Version: 1.9-1
Check: installed package size
Result: NOTE installed size is 5.3Mb sub-directories of 1Mb or more: R 2.0Mb libs 2.1Mb Flavor: r-release-macos-x86_64