Last updated on 2023-04-01 08:55:46 CEST.
Flavor | Version | Tinstall | Tcheck | Ttotal | Status | Flags |
---|---|---|---|---|---|---|
r-devel-linux-x86_64-debian-clang | 2.0.2 | 33.39 | 497.47 | 530.86 | NOTE | |
r-devel-linux-x86_64-debian-gcc | 2.0.2 | 26.20 | 360.42 | 386.62 | NOTE | |
r-devel-linux-x86_64-fedora-clang | 2.0.2 | 639.64 | NOTE | |||
r-devel-linux-x86_64-fedora-gcc | 2.0.2 | 627.19 | NOTE | |||
r-devel-windows-x86_64 | 2.0.2 | 47.00 | 0.00 | 47.00 | NOTE | |
r-patched-linux-x86_64 | 2.0.2 | 30.16 | 474.01 | 504.17 | NOTE | |
r-release-linux-x86_64 | 2.0.2 | 33.44 | 471.07 | 504.51 | NOTE | |
r-release-macos-arm64 | 2.0.2 | 118.00 | NOTE | |||
r-release-macos-x86_64 | 2.0.2 | 168.00 | NOTE | |||
r-release-windows-x86_64 | 2.0.2 | 48.00 | 533.00 | 581.00 | NOTE | |
r-oldrel-macos-arm64 | 2.0.2 | 117.00 | NOTE | |||
r-oldrel-macos-x86_64 | 2.0.2 | 163.00 | NOTE | |||
r-oldrel-windows-ix86+x86_64 | 2.0.2 | 68.00 | 680.00 | 748.00 | NOTE |
Version: 2.0.2
Check: LazyData
Result: NOTE
'LazyData' is specified without a 'data' directory
Flavors: r-devel-linux-x86_64-debian-clang, r-devel-linux-x86_64-debian-gcc, r-devel-linux-x86_64-fedora-clang, r-devel-linux-x86_64-fedora-gcc, r-devel-windows-x86_64, r-patched-linux-x86_64, r-release-linux-x86_64, r-release-macos-arm64, r-release-macos-x86_64, r-release-windows-x86_64, r-oldrel-macos-arm64, r-oldrel-macos-x86_64, r-oldrel-windows-ix86+x86_64
Version: 2.0.2
Check: dependencies in R code
Result: NOTE
Namespaces in Imports field not imported from:
‘boot’ ‘energy’
All declared Imports should be used.
Flavors: r-devel-linux-x86_64-fedora-clang, r-devel-linux-x86_64-fedora-gcc, r-release-macos-arm64, r-release-macos-x86_64, r-oldrel-macos-arm64, r-oldrel-macos-x86_64