Last updated on 2023-09-22 20:51:58 CEST.
Flavor | Version | Tinstall | Tcheck | Ttotal | Status | Flags |
---|---|---|---|---|---|---|
r-devel-linux-x86_64-debian-clang | 1.2.2 | 11.09 | 83.70 | 94.79 | OK | |
r-devel-linux-x86_64-debian-gcc | 1.2.2 | 10.09 | 60.09 | 70.18 | OK | |
r-devel-linux-x86_64-fedora-clang | 1.2.2 | 118.59 | NOTE | |||
r-devel-linux-x86_64-fedora-gcc | 1.2.2 | 107.46 | NOTE | |||
r-devel-windows-x86_64 | 1.2.2 | 13.00 | 75.00 | 88.00 | OK | |
r-patched-linux-x86_64 | 1.2.2 | 8.99 | 75.92 | 84.91 | OK | |
r-release-linux-x86_64 | 1.2.2 | 7.00 | 75.41 | 82.41 | OK | |
r-release-macos-arm64 | 1.2.2 | 36.00 | OK | |||
r-release-macos-x86_64 | 1.2.2 | 56.00 | OK | |||
r-release-windows-x86_64 | 1.2.2 | 15.00 | 133.00 | 148.00 | OK | |
r-oldrel-macos-arm64 | 1.2.2 | 32.00 | NOTE | |||
r-oldrel-macos-x86_64 | 1.2.2 | 51.00 | NOTE | |||
r-oldrel-windows-x86_64 | 1.2.2 | 15.00 | 87.00 | 102.00 | OK |
Version: 1.2.2
Check: dependencies in R code
Result: NOTE
Namespaces in Imports field not imported from:
‘ade4’ ‘dendextend’ ‘ggforce’ ‘ggrepel’ ‘stringr’ ‘tidyverse’
All declared Imports should be used.
Flavors: r-devel-linux-x86_64-fedora-clang, r-devel-linux-x86_64-fedora-gcc, r-oldrel-macos-arm64, r-oldrel-macos-x86_64