CRAN Package Check Results for Package metacoder

Last updated on 2022-12-03 19:52:55 CET.

Flavor Version Tinstall Tcheck Ttotal Status Flags
r-devel-linux-x86_64-debian-clang 0.3.5 48.93 216.86 265.79 OK
r-devel-linux-x86_64-debian-gcc 0.3.5 39.03 158.83 197.86 OK
r-devel-linux-x86_64-fedora-clang 0.3.5 334.07 NOTE
r-devel-linux-x86_64-fedora-gcc 0.3.5 358.85 NOTE
r-devel-windows-x86_64 0.3.5 206.00 309.00 515.00 OK
r-patched-linux-x86_64 0.3.5 52.07 190.36 242.43 OK
r-release-linux-x86_64 0.3.5 37.24 193.86 231.10 OK
r-release-macos-arm64 0.3.5 78.00 NOTE
r-release-macos-x86_64 0.3.5 135.00 NOTE
r-release-windows-x86_64 0.3.5 222.00 290.00 512.00 OK
r-oldrel-macos-arm64 0.3.5 115.00 NOTE
r-oldrel-macos-x86_64 0.3.5 101.00 NOTE
r-oldrel-windows-ix86+x86_64 0.3.5 98.00 387.00 485.00 OK

Check Details

Version: 0.3.5
Check: dependencies in R code
Result: NOTE
    Namespace in Imports field not imported from: ‘R6’
     All declared Imports should be used.
Flavors: r-devel-linux-x86_64-fedora-clang, r-devel-linux-x86_64-fedora-gcc, r-release-macos-arm64, r-release-macos-x86_64, r-oldrel-macos-arm64, r-oldrel-macos-x86_64