CRAN Package Check Results for Package mda

Last updated on 2022-08-14 20:50:56 CEST.

Flavor Version Tinstall Tcheck Ttotal Status Flags
r-devel-linux-x86_64-debian-clang 0.5-3 10.62 40.29 50.91 NOTE
r-devel-linux-x86_64-debian-gcc 0.5-3 7.67 31.03 38.70 NOTE
r-devel-linux-x86_64-fedora-clang 0.5-3 68.28 NOTE
r-devel-linux-x86_64-fedora-gcc 0.5-3 66.96 NOTE
r-devel-windows-x86_64 0.5-3 30.00 70.00 100.00 NOTE
r-patched-linux-x86_64 0.5-3 8.96 38.47 47.43 OK
r-release-linux-x86_64 0.5-3 8.52 38.07 46.59 OK
r-release-macos-arm64 0.5-3 37.00 OK
r-release-macos-x86_64 0.5-3 34.00 OK
r-release-windows-x86_64 0.5-3 31.00 73.00 104.00 OK
r-oldrel-macos-arm64 0.5-3 34.00 OK
r-oldrel-macos-x86_64 0.5-3 34.00 OK
r-oldrel-windows-ix86+x86_64 0.5-3 25.00 69.00 94.00 OK

Check Details

Version: 0.5-3
Check: Rd files
Result: NOTE
    checkRd: (-1) glass.Rd:23: Escaped LaTeX specials: \_ \_ \_
    checkRd: (-1) glass.Rd:24: Escaped LaTeX specials: \_ \_ \_ \_
    checkRd: (-1) glass.Rd:25: Escaped LaTeX specials: \_ \_ \_
    checkRd: (-1) glass.Rd:26: Escaped LaTeX specials: \_ \_ \_ \_
Flavors: r-devel-linux-x86_64-debian-clang, r-devel-linux-x86_64-debian-gcc, r-devel-linux-x86_64-fedora-clang, r-devel-linux-x86_64-fedora-gcc, r-devel-windows-x86_64