CRAN Package Check Results for Package mcclust

Last updated on 2022-08-16 20:53:17 CEST.

Flavor Version Tinstall Tcheck Ttotal Status Flags
r-devel-linux-x86_64-debian-clang 1.0.1 3.28 35.53 38.81 OK
r-devel-linux-x86_64-debian-gcc 1.0.1 2.55 27.41 29.96 OK
r-devel-linux-x86_64-fedora-clang 1.0.1 56.14 NOTE
r-devel-linux-x86_64-fedora-gcc 1.0.1 55.22 NOTE
r-devel-windows-x86_64 1.0.1 14.00 64.00 78.00 OK
r-patched-linux-x86_64 1.0.1 2.95 34.63 37.58 OK
r-release-linux-x86_64 1.0.1 2.66 34.23 36.89 OK
r-release-macos-arm64 1.0.1 31.00 OK
r-release-macos-x86_64 1.0.1 32.00 OK
r-release-windows-x86_64 1.0.1 12.00 64.00 76.00 OK
r-oldrel-macos-arm64 1.0.1 30.00 OK
r-oldrel-macos-x86_64 1.0.1 29.00 OK
r-oldrel-windows-ix86+x86_64 1.0.1 7.00 79.00 86.00 OK

Check Details

Version: 1.0.1
Check: compiled code
Result: NOTE
    File ‘mcclust/libs/mcclust.so’:
     Found no calls to: ‘R_registerRoutines’, ‘R_useDynamicSymbols’
    
    It is good practice to register native routines and to disable symbol
    search.
    
    See ‘Writing portable packages’ in the ‘Writing R Extensions’ manual.
Flavors: r-devel-linux-x86_64-fedora-clang, r-devel-linux-x86_64-fedora-gcc