CRAN Package Check Results for Package mbrglm

Last updated on 2023-01-27 19:49:36 CET.

Flavor Version Tinstall Tcheck Ttotal Status Flags
r-devel-linux-x86_64-debian-clang 0.0.1 2.90 25.90 28.80 OK
r-devel-linux-x86_64-debian-gcc 0.0.1 2.43 20.01 22.44 OK
r-devel-linux-x86_64-fedora-clang 0.0.1 36.49 NOTE
r-devel-linux-x86_64-fedora-gcc 0.0.1 35.82 NOTE
r-patched-linux-x86_64 0.0.1 2.43 25.26 27.69 OK
r-release-linux-x86_64 0.0.1 2.97 25.32 28.29 OK
r-release-macos-arm64 0.0.1 15.00 OK
r-release-macos-x86_64 0.0.1 23.00 OK
r-release-windows-x86_64 0.0.1 13.00 61.00 74.00 OK
r-oldrel-macos-arm64 0.0.1 19.00 OK
r-oldrel-macos-x86_64 0.0.1 29.00 OK
r-oldrel-windows-ix86+x86_64 0.0.1 9.00 58.00 67.00 OK

Check Details

Version: 0.0.1
Check: compiled code
Result: NOTE
    File ‘mbrglm/libs/mbrglm.so’:
     Found no calls to: ‘R_registerRoutines’, ‘R_useDynamicSymbols’
    
    It is good practice to register native routines and to disable symbol
    search.
    
    See ‘Writing portable packages’ in the ‘Writing R Extensions’ manual.
Flavors: r-devel-linux-x86_64-fedora-clang, r-devel-linux-x86_64-fedora-gcc