CRAN Package Check Results for Package matrixStats

Last updated on 2023-06-02 08:56:37 CEST.

Flavor Version Tinstall Tcheck Ttotal Status Flags
r-devel-linux-x86_64-debian-clang 0.63.0 28.75 330.78 359.53 OK
r-devel-linux-x86_64-debian-gcc 0.63.0 15.99 252.07 268.06 OK
r-devel-linux-x86_64-fedora-clang 0.63.0 437.31 OK
r-devel-linux-x86_64-fedora-gcc 0.63.0 444.76 OK
r-devel-windows-x86_64 0.63.0 42.00 256.00 298.00 OK
r-patched-linux-x86_64 0.63.0 OK
r-release-linux-x86_64 0.63.0 21.29 317.08 338.37 OK
r-release-macos-arm64 0.63.0 130.00 OK
r-release-macos-x86_64 0.63.0 85.00 ERROR
r-release-windows-x86_64 0.63.0 38.00 348.00 386.00 OK
r-oldrel-macos-arm64 0.63.0 106.00 OK
r-oldrel-macos-x86_64 0.63.0 182.00 OK
r-oldrel-windows-x86_64 0.63.0 42.00 324.00 366.00 OK

Check Details

Version: 0.63.0
Check: tests
Result: ERROR
     Running ‘allocArray.R’ [0s/0s]
     Running ‘allocMatrix.R’ [0s/0s]
     Running ‘allocVector.R’ [0s/0s]
     Running ‘anyMissing.R’ [0s/0s]
     Running ‘anyMissing_subset.R’ [0s/0s]
     Running ‘benchmark.R’ [12s/17s]
     Running ‘binCounts.R’ [0s/0s]
     Running ‘binCounts_subset.R’ [0s/0s]
     Running ‘binMeans,binCounts.R’ [0s/0s]
     Running ‘binMeans,binCounts_subset.R’ [0s/0s]
     Running ‘count.R’ [0s/0s]
     Running ‘count_subset.R’ [0s/0s]
     Running ‘diff2.R’ [0s/0s]
     Running ‘diff2_subset.R’ [0s/0s]
     Running ‘indexByRow.R’ [0s/0s]
     Running ‘logSumExp.R’ [0s/0s]
     Running ‘logSumExp_subset.R’ [0s/0s]
     Running ‘mean2.R’ [0s/0s]
     Running ‘mean2_subset.R’ [0s/0s]
     Running ‘product.R’ [0s/0s]
     Running ‘product_subset.R’ [0s/0s]
     Running ‘psortKM.R’ [0s/0s]
     Running ‘rowAllAnys.R’ [1s/1s]
     Running ‘rowAllAnys_subset.R’ [7s/12s]
     Running ‘rowAvgsPerColSet.R’ [0s/0s]
     Running ‘rowAvgsPerColSet_subset.R’ [0s/0s]
     Running ‘rowCollapse.R’ [0s/0s]
     Running ‘rowCollapse_subset.R’ [0s/0s]
    Running the tests in ‘tests/rowCollapse_subset.R’ failed.
    Last 13 lines of output:
    
     R is free software and comes with ABSOLUTELY NO WARRANTY.
     You are welcome to redistribute it under certain conditions.
     Type 'license()' or 'licence()' for distribution details.
    
     R is a collaborative project with many contributors.
     Type 'contributors()' for more information and
     'citation()' on how to cite R or R packages in publications.
    
     Type 'demo()' for some demos, 'help()' for on-line help, or
     'help.start()' for an HTML browser interface to help.
     Type 'q()' to quit R.
    
    
     Execution halted
Flavor: r-release-macos-x86_64