CRAN Package Check Results for Package matchingMarkets

Last updated on 2022-11-16 08:02:56 CET.

Flavor Version Tinstall Tcheck Ttotal Status Flags
r-devel-linux-x86_64-debian-clang 1.0-2 OK
r-devel-linux-x86_64-debian-gcc 1.0-2 174.55 120.60 295.15 OK
r-devel-linux-x86_64-fedora-clang 1.0-2 548.04 NOTE
r-devel-linux-x86_64-fedora-gcc 1.0-2 507.89 OK
r-devel-windows-x86_64 1.0-2 191.00 252.00 443.00 NOTE
r-patched-linux-x86_64 1.0-2 180.75 153.30 334.05 OK
r-release-linux-x86_64 1.0-2 186.24 150.77 337.01 OK
r-release-macos-arm64 1.0-2 136.00 NOTE
r-release-macos-x86_64 1.0-2 157.00 NOTE
r-release-windows-x86_64 1.0-2 240.00 259.00 499.00 NOTE
r-oldrel-macos-arm64 1.0-2 182.00 NOTE
r-oldrel-macos-x86_64 1.0-2 226.00 NOTE
r-oldrel-windows-ix86+x86_64 1.0-2 520.00 238.00 758.00 NOTE

Check Details

Version: 1.0-2
Check: installed package size
Result: NOTE
     installed size is 5.4Mb
     sub-directories of 1Mb or more:
     java 3.3Mb
Flavors: r-devel-linux-x86_64-fedora-clang, r-devel-windows-x86_64, r-release-macos-arm64, r-release-macos-x86_64, r-release-windows-x86_64, r-oldrel-macos-arm64, r-oldrel-macos-x86_64, r-oldrel-windows-ix86+x86_64