CRAN Package Check Results for Package mapscanner

Last updated on 2022-12-03 19:52:54 CET.

Flavor Version Tinstall Tcheck Ttotal Status Flags
r-devel-linux-x86_64-debian-clang 0.0.6 45.24 82.64 127.88 OK
r-devel-linux-x86_64-debian-gcc 0.0.6 34.93 61.00 95.93 OK
r-devel-linux-x86_64-fedora-clang 0.0.6 202.01 OK
r-devel-linux-x86_64-fedora-gcc 0.0.6 187.77 OK
r-devel-windows-x86_64 0.0.6 62.00 140.00 202.00 OK
r-patched-linux-x86_64 0.0.6 40.64 77.88 118.52 OK
r-release-linux-x86_64 0.0.6 38.53 75.64 114.17 OK
r-release-macos-arm64 0.0.6 42.00 NOTE
r-release-macos-x86_64 0.0.6 62.00 NOTE
r-release-windows-x86_64 0.0.6 65.00 137.00 202.00 OK
r-oldrel-macos-arm64 0.0.6 61.00 NOTE
r-oldrel-macos-x86_64 0.0.6 62.00 NOTE
r-oldrel-windows-ix86+x86_64 0.0.6 116.00 158.00 274.00 NOTE

Check Details

Version: 0.0.6
Check: installed package size
Result: NOTE
     installed size is 5.5Mb
     sub-directories of 1Mb or more:
     doc 2.8Mb
     libs 2.0Mb
Flavors: r-release-macos-arm64, r-release-macos-x86_64, r-oldrel-macos-arm64, r-oldrel-macos-x86_64, r-oldrel-windows-ix86+x86_64