CRAN Package Check Results for Package mapdeck

Last updated on 2023-03-25 19:54:08 CET.

Flavor Version Tinstall Tcheck Ttotal Status Flags
r-devel-linux-x86_64-debian-clang 0.3.4 308.36 66.98 375.34 NOTE
r-devel-linux-x86_64-debian-gcc 0.3.4 287.98 50.60 338.58 NOTE
r-devel-linux-x86_64-fedora-clang 0.3.4 514.13 NOTE
r-devel-linux-x86_64-fedora-gcc 0.3.4 635.41 NOTE
r-patched-linux-x86_64 0.3.4 252.70 59.96 312.66 OK
r-release-linux-x86_64 0.3.4 274.96 59.08 334.04 OK
r-release-macos-arm64 0.3.4 123.00 NOTE
r-release-macos-x86_64 0.3.4 205.00 NOTE
r-release-windows-x86_64 0.3.4 336.00 148.00 484.00 NOTE
r-oldrel-macos-arm64 0.3.4 136.00 NOTE
r-oldrel-macos-x86_64 0.3.4 168.00 NOTE
r-oldrel-windows-ix86+x86_64 0.3.4 663.00 130.00 793.00 NOTE

Check Details

Version: 0.3.4
Check: C++ specification
Result: NOTE
     Specified C++11: please drop specification unless essential
Flavors: r-devel-linux-x86_64-debian-clang, r-devel-linux-x86_64-debian-gcc, r-devel-linux-x86_64-fedora-clang, r-devel-linux-x86_64-fedora-gcc

Version: 0.3.4
Check: installed package size
Result: NOTE
     installed size is 8.1Mb
     sub-directories of 1Mb or more:
     data 1.3Mb
     doc 1.6Mb
     htmlwidgets 2.3Mb
     libs 2.6Mb
Flavors: r-devel-linux-x86_64-fedora-clang, r-release-macos-arm64, r-release-macos-x86_64, r-release-windows-x86_64, r-oldrel-macos-arm64, r-oldrel-macos-x86_64, r-oldrel-windows-ix86+x86_64