CRAN Package Check Results for Package manhattanly

Last updated on 2022-11-28 06:50:15 CET.

Flavor Version Tinstall Tcheck Ttotal Status Flags
r-devel-linux-x86_64-debian-clang 0.3.0 3.76 37.10 40.86 OK
r-devel-linux-x86_64-debian-gcc 0.3.0 2.57 29.33 31.90 OK
r-devel-linux-x86_64-fedora-clang 0.3.0 63.63 NOTE
r-devel-linux-x86_64-fedora-gcc 0.3.0 60.50 NOTE
r-devel-windows-x86_64 0.3.0 20.00 73.00 93.00 OK
r-patched-linux-x86_64 0.3.0 9.43 35.69 45.12 OK
r-release-linux-x86_64 0.3.0 3.36 36.19 39.55 OK
r-release-macos-arm64 0.3.0 24.00 NOTE
r-release-macos-x86_64 0.3.0 34.00 NOTE
r-release-windows-x86_64 0.3.0 23.00 72.00 95.00 OK
r-oldrel-macos-arm64 0.3.0 21.00 NOTE
r-oldrel-macos-x86_64 0.3.0 38.00 NOTE
r-oldrel-windows-ix86+x86_64 0.3.0 8.00 62.00 70.00 OK

Check Details

Version: 0.3.0
Check: dependencies in R code
Result: NOTE
    Namespace in Imports field not imported from: ‘ggplot2’
     All declared Imports should be used.
Flavors: r-devel-linux-x86_64-fedora-clang, r-devel-linux-x86_64-fedora-gcc, r-release-macos-arm64, r-release-macos-x86_64, r-oldrel-macos-arm64, r-oldrel-macos-x86_64