CRAN Package Check Results for Package lue

Last updated on 2023-03-22 19:53:30 CET.

Flavor Version Tinstall Tcheck Ttotal Status Flags
r-devel-linux-x86_64-debian-clang 0.2.1 2.30 43.46 45.76 OK
r-devel-linux-x86_64-debian-gcc 0.2.1 1.44 33.71 35.15 OK
r-devel-linux-x86_64-fedora-clang 0.2.1 58.44 NOTE
r-devel-linux-x86_64-fedora-gcc 0.2.1 58.24 NOTE
r-patched-linux-x86_64 0.2.1 2.40 43.95 46.35 OK
r-release-linux-x86_64 0.2.1 1.55 43.25 44.80 OK
r-release-macos-arm64 0.2.1 21.00 NOTE
r-release-macos-x86_64 0.2.1 28.00 NOTE
r-release-windows-x86_64 0.2.1 16.00 71.00 87.00 OK
r-oldrel-macos-arm64 0.2.1 18.00 NOTE
r-oldrel-macos-x86_64 0.2.1 30.00 NOTE
r-oldrel-windows-ix86+x86_64 0.2.1 6.00 69.00 75.00 OK

Check Details

Version: 0.2.1
Check: dependencies in R code
Result: NOTE
    Namespaces in Imports field not imported from:
     ‘ncdf4’ ‘raster’
     All declared Imports should be used.
Flavors: r-devel-linux-x86_64-fedora-clang, r-devel-linux-x86_64-fedora-gcc, r-release-macos-arm64, r-release-macos-x86_64, r-oldrel-macos-arm64, r-oldrel-macos-x86_64