Last updated on 2023-03-22 07:57:37 CET.
Flavor | Version | Tinstall | Tcheck | Ttotal | Status | Flags |
---|---|---|---|---|---|---|
r-devel-linux-x86_64-debian-clang | 1.0 | 4.14 | 40.44 | 44.58 | NOTE | |
r-devel-linux-x86_64-debian-gcc | 1.0 | 3.75 | 31.93 | 35.68 | NOTE | |
r-devel-linux-x86_64-fedora-clang | 1.0 | 57.60 | NOTE | |||
r-devel-linux-x86_64-fedora-gcc | 1.0 | 56.30 | NOTE | |||
r-patched-linux-x86_64 | 1.0 | 4.99 | 40.07 | 45.06 | NOTE | |
r-release-linux-x86_64 | 1.0 | 4.87 | 39.61 | 44.48 | NOTE | |
r-release-macos-arm64 | 1.0 | 21.00 | NOTE | |||
r-release-macos-x86_64 | 1.0 | 27.00 | NOTE | |||
r-release-windows-x86_64 | 1.0 | 13.00 | 70.00 | 83.00 | NOTE | |
r-oldrel-macos-arm64 | 1.0 | 27.00 | NOTE | |||
r-oldrel-macos-x86_64 | 1.0 | 39.00 | NOTE | |||
r-oldrel-windows-ix86+x86_64 | 1.0 | 11.00 | 66.00 | 77.00 | NOTE |
Version: 1.0
Check: LazyData
Result: NOTE
'LazyData' is specified without a 'data' directory
Flavors: r-devel-linux-x86_64-debian-clang, r-devel-linux-x86_64-debian-gcc, r-devel-linux-x86_64-fedora-clang, r-devel-linux-x86_64-fedora-gcc, r-patched-linux-x86_64, r-release-linux-x86_64, r-release-macos-arm64, r-release-macos-x86_64, r-release-windows-x86_64, r-oldrel-macos-arm64, r-oldrel-macos-x86_64, r-oldrel-windows-ix86+x86_64
Version: 1.0
Check: dependencies in R code
Result: NOTE
Namespace in Imports field not imported from: ‘rpostgis’
All declared Imports should be used.
Flavors: r-devel-linux-x86_64-fedora-clang, r-devel-linux-x86_64-fedora-gcc, r-release-macos-arm64, r-release-macos-x86_64, r-oldrel-macos-arm64, r-oldrel-macos-x86_64