CRAN Package Check Results for Package lpme

Last updated on 2022-08-16 20:53:16 CEST.

Flavor Version Tinstall Tcheck Ttotal Status Flags
r-devel-linux-x86_64-debian-clang 1.1.3 136.37 46.92 183.29 OK
r-devel-linux-x86_64-debian-gcc 1.1.3 120.17 35.58 155.75 OK
r-devel-linux-x86_64-fedora-clang 1.1.3 291.48 OK
r-devel-linux-x86_64-fedora-gcc 1.1.3 274.72 OK
r-devel-windows-x86_64 1.1.3 190.00 93.00 283.00 OK
r-patched-linux-x86_64 1.1.3 129.11 45.95 175.06 OK
r-release-linux-x86_64 1.1.3 128.22 46.10 174.32 OK
r-release-macos-arm64 1.1.3 61.00 NOTE
r-release-macos-x86_64 1.1.3 92.00 NOTE
r-release-windows-x86_64 1.1.3 110.00 97.00 207.00 OK
r-oldrel-macos-arm64 1.1.3 60.00 NOTE
r-oldrel-macos-x86_64 1.1.3 87.00 NOTE
r-oldrel-windows-ix86+x86_64 1.1.3 364.00 111.00 475.00 OK

Check Details

Version: 1.1.3
Check: installed package size
Result: NOTE
     installed size is 5.6Mb
     sub-directories of 1Mb or more:
     libs 5.4Mb
Flavors: r-release-macos-arm64, r-release-macos-x86_64, r-oldrel-macos-arm64, r-oldrel-macos-x86_64