CRAN Package Check Results for Package locpolExpectile

Last updated on 2025-01-18 19:49:10 CET.

Flavor Version Tinstall Tcheck Ttotal Status Flags
r-devel-linux-x86_64-debian-clang 0.1.1 13.25 99.95 113.20 OK
r-devel-linux-x86_64-debian-gcc 0.1.1 8.16 70.93 79.09 OK
r-devel-linux-x86_64-fedora-clang 0.1.1 180.12 NOTE
r-devel-linux-x86_64-fedora-gcc 0.1.1 169.96 NOTE
r-devel-windows-x86_64 0.1.1 14.00 104.00 118.00 OK
r-patched-linux-x86_64 0.1.1 12.39 91.77 104.16 OK
r-release-linux-x86_64 0.1.1 12.21 93.12 105.33 OK
r-release-macos-arm64 0.1.1 51.00 OK
r-release-macos-x86_64 0.1.1 78.00 OK
r-release-windows-x86_64 0.1.1 14.00 102.00 116.00 OK
r-oldrel-macos-arm64 0.1.1 66.00 OK
r-oldrel-macos-x86_64 0.1.1 110.00 OK
r-oldrel-windows-x86_64 0.1.1 17.00 124.00 141.00 OK

Check Details

Version: 0.1.1
Check: dependencies in R code
Result: NOTE Namespace in Imports field not imported from: ‘lestat’ All declared Imports should be used. Flavors: r-devel-linux-x86_64-fedora-clang, r-devel-linux-x86_64-fedora-gcc