Last updated on 2022-08-13 08:53:35 CEST.
Flavor | Version | Tinstall | Tcheck | Ttotal | Status | Flags |
---|---|---|---|---|---|---|
r-devel-linux-x86_64-debian-clang | 1.9 | 73.71 | 113.52 | 187.23 | OK | |
r-devel-linux-x86_64-debian-gcc | 1.9 | 61.30 | 86.52 | 147.82 | OK | |
r-devel-linux-x86_64-fedora-clang | 1.9 | 254.81 | NOTE | |||
r-devel-linux-x86_64-fedora-gcc | 1.9 | 251.30 | OK | |||
r-devel-windows-x86_64 | 1.9 | 57.00 | 153.00 | 210.00 | OK | |
r-patched-linux-x86_64 | 1.9 | 60.23 | 109.82 | 170.05 | OK | |
r-release-linux-x86_64 | 1.9 | 51.29 | 110.41 | 161.70 | OK | |
r-release-macos-arm64 | 1.9 | 69.00 | NOTE | |||
r-release-macos-x86_64 | 1.9 | 95.00 | NOTE | |||
r-release-windows-x86_64 | 1.9 | 60.00 | 157.00 | 217.00 | OK | |
r-oldrel-macos-arm64 | 1.9 | 54.00 | NOTE | |||
r-oldrel-macos-x86_64 | 1.9 | 83.00 | NOTE | |||
r-oldrel-windows-ix86+x86_64 | 1.9 | 155.00 | 180.00 | 335.00 | OK |
Version: 1.9
Check: installed package size
Result: NOTE
installed size is 23.3Mb
sub-directories of 1Mb or more:
libs 23.1Mb
Flavors: r-devel-linux-x86_64-fedora-clang, r-release-macos-arm64, r-release-macos-x86_64, r-oldrel-macos-arm64, r-oldrel-macos-x86_64