CRAN Package Check Results for Package liteq

Last updated on 2022-11-28 06:50:15 CET.

Flavor Version Tinstall Tcheck Ttotal Status Flags
r-devel-linux-x86_64-debian-clang 1.1.0 5.17 48.99 54.16 NOTE
r-devel-linux-x86_64-debian-gcc 1.1.0 4.57 37.45 42.02 NOTE
r-devel-linux-x86_64-fedora-clang 1.1.0 81.64 NOTE
r-devel-linux-x86_64-fedora-gcc 1.1.0 79.09 NOTE
r-devel-windows-x86_64 1.1.0 23.00 77.00 100.00 NOTE
r-patched-linux-x86_64 1.1.0 4.16 46.45 50.61 NOTE
r-release-linux-x86_64 1.1.0 5.49 46.84 52.33 NOTE
r-release-macos-arm64 1.1.0 23.00 NOTE
r-release-macos-x86_64 1.1.0 33.00 NOTE
r-release-windows-x86_64 1.1.0 25.00 86.00 111.00 NOTE
r-oldrel-macos-arm64 1.1.0 28.00 NOTE
r-oldrel-macos-x86_64 1.1.0 45.00 NOTE
r-oldrel-windows-ix86+x86_64 1.1.0 14.00 71.00 85.00 NOTE

Check Details

Version: 1.1.0
Check: LazyData
Result: NOTE
     'LazyData' is specified without a 'data' directory
Flavors: r-devel-linux-x86_64-debian-clang, r-devel-linux-x86_64-debian-gcc, r-devel-linux-x86_64-fedora-clang, r-devel-linux-x86_64-fedora-gcc, r-devel-windows-x86_64, r-patched-linux-x86_64, r-release-linux-x86_64, r-release-macos-arm64, r-release-macos-x86_64, r-release-windows-x86_64, r-oldrel-macos-arm64, r-oldrel-macos-x86_64, r-oldrel-windows-ix86+x86_64