CRAN Package Check Results for Package liger

Last updated on 2023-09-23 08:10:59 CEST.

Flavor Version Tinstall Tcheck Ttotal Status Flags
r-devel-linux-x86_64-debian-clang 2.0.1 39.82 155.73 195.55 OK
r-devel-linux-x86_64-debian-gcc 2.0.1 27.49 98.11 125.60 OK
r-devel-linux-x86_64-fedora-clang 2.0.1 249.03 NOTE
r-devel-linux-x86_64-fedora-gcc 2.0.1 237.40 OK
r-devel-windows-x86_64 2.0.1 32.00 134.00 166.00 NOTE
r-patched-linux-x86_64 2.0.1 35.44 134.09 169.53 OK
r-release-linux-x86_64 2.0.1 32.82 129.88 162.70 OK
r-release-macos-arm64 2.0.1 81.00 NOTE
r-release-macos-x86_64 2.0.1 139.00 NOTE
r-release-windows-x86_64 2.0.1 43.00 166.00 209.00 NOTE
r-oldrel-macos-arm64 2.0.1 70.00 NOTE
r-oldrel-macos-x86_64 2.0.1 83.00 NOTE
r-oldrel-windows-x86_64 2.0.1 40.00 175.00 215.00 NOTE

Check Details

Version: 2.0.1
Check: installed package size
Result: NOTE
     installed size is 5.7Mb
     sub-directories of 1Mb or more:
     data 3.3Mb
     doc 2.1Mb
Flavors: r-devel-linux-x86_64-fedora-clang, r-devel-windows-x86_64, r-release-macos-arm64, r-release-macos-x86_64, r-release-windows-x86_64, r-oldrel-macos-arm64, r-oldrel-macos-x86_64, r-oldrel-windows-x86_64