CRAN Package Check Results for Package lifecontingencies

Last updated on 2023-06-01 20:53:46 CEST.

Flavor Version Tinstall Tcheck Ttotal Status Flags
r-devel-linux-x86_64-debian-clang 1.3.10 33.13 378.64 411.77 OK
r-devel-linux-x86_64-debian-gcc 1.3.10 28.07 282.68 310.75 OK
r-devel-linux-x86_64-fedora-clang 1.3.10 524.18 OK
r-devel-linux-x86_64-fedora-gcc 1.3.10 551.38 OK
r-devel-windows-x86_64 1.3.10 31.00 393.00 424.00 OK
r-patched-linux-x86_64 1.3.10 OK
r-release-linux-x86_64 1.3.10 30.31 363.78 394.09 OK
r-release-macos-arm64 1.3.10 187.00 OK
r-release-macos-x86_64 1.3.9 309.00 NOTE
r-release-windows-x86_64 1.3.10 41.00 477.00 518.00 OK
r-oldrel-macos-arm64 1.3.9 163.00 OK
r-oldrel-macos-x86_64 1.3.9 208.00 OK
r-oldrel-windows-x86_64 1.3.9 42.00 453.00 495.00 OK

Check Details

Version: 1.3.9
Check: re-building of vignette outputs
Result: NOTE
    Error(s) in re-building vignettes:
    --- re-building ‘an_introduction_to_lifecontingencies_package.Rnw’ using Sweave
    Package: lifecontingencies
    Authors: Giorgio Alfredo Spedicato [aut, cre]
     (<https://orcid.org/0000-0002-0315-8888>),
     Christophe Dutang [ctb] (<https://orcid.org/0000-0001-6732-1501>),
     Reinhold Kainhofer [ctb] (<https://orcid.org/0000-0002-7895-1311>),
     Kevin J Owens [ctb],
     Ernesto Schirmacher [ctb],
     Gian Paolo Clemente [ctb] (<https://orcid.org/0000-0001-6795-4595>),
     Ivan Williams [ctb]
    Version: 1.3.9
    Date: 2022-06-10 22:20:02 UTC
    BugReport: https://github.com/spedygiorgio/lifecontingencies/issues
    
    Loading required package: markovchain
    Package: markovchain
    Version: 0.9.1
    Date: 2023-01-20
    BugReport: https://github.com/spedygiorgio/markovchain/issues
    
    Loading required package: parallel
    Error: processing vignette 'an_introduction_to_lifecontingencies_package.Rnw' failed with diagnostics:
    Running 'texi2dvi' on 'an_introduction_to_lifecontingencies_package.tex' failed.
    LaTeX errors:
    ! Package pict2e Error: Driver file ``p2e-pdftex.def'' not found.
    
    See the pict2e package documentation for explanation.
    Type H <return> for immediate help.
     ...
    ! Emergency stop.
     ...
    
    l.125 ... Is the file properly installed? A: No!}}
    
    ! ==> Fatal error occurred, no output PDF file produced!
    --- failed re-building 'an_introduction_to_lifecontingencies_package.Rnw'
    
    --- re-building ‘PensionPlanVal.Rmd’ using rmarkdown
    Pandoc is required to build R Markdown vignettes but not available. Please make sure it is installed.
    --- finished re-building ‘PensionPlanVal.Rmd’
    
    --- re-building ‘compute-detail.Rmd’ using rmarkdown
    Pandoc is required to build R Markdown vignettes but not available. Please make sure it is installed.
    --- finished re-building ‘compute-detail.Rmd’
    
    --- re-building ‘pensionfunding.Rmd’ using rmarkdown
    Pandoc is required to build R Markdown vignettes but not available. Please make sure it is installed.
    --- finished re-building ‘pensionfunding.Rmd’
    
    SUMMARY: processing the following file failed:
     ‘an_introduction_to_lifecontingencies_package.Rnw’
    
    Error: Vignette re-building failed.
    Execution halted
Flavor: r-release-macos-x86_64