CRAN Package Check Results for Package lfmm

Last updated on 2022-11-28 06:50:15 CET.

Flavor Version Tinstall Tcheck Ttotal Status Flags
r-devel-linux-x86_64-debian-clang 1.1 42.99 203.37 246.36 OK
r-devel-linux-x86_64-debian-gcc 1.1 37.80 147.17 184.97 OK
r-devel-linux-x86_64-fedora-clang 1.1 317.01 NOTE
r-devel-linux-x86_64-fedora-gcc 1.1 324.67 NOTE
r-devel-windows-x86_64 1.1 54.00 251.00 305.00 OK
r-patched-linux-x86_64 1.1 39.82 182.26 222.08 OK
r-release-linux-x86_64 1.1 37.07 186.93 224.00 OK
r-release-macos-arm64 1.1 85.00 NOTE
r-release-macos-x86_64 1.1 164.00 NOTE
r-release-windows-x86_64 1.1 54.00 254.00 308.00 OK
r-oldrel-macos-arm64 1.1 115.00 NOTE
r-oldrel-macos-x86_64 1.1 117.00 NOTE
r-oldrel-windows-ix86+x86_64 1.1 98.00 356.00 454.00 OK

Check Details

Version: 1.1
Check: dependencies in R code
Result: NOTE
    Namespaces in Imports field not imported from:
     ‘ggplot2’ ‘knitr’ ‘purrr’ ‘rmarkdown’
     All declared Imports should be used.
Flavors: r-devel-linux-x86_64-fedora-clang, r-devel-linux-x86_64-fedora-gcc, r-release-macos-arm64, r-release-macos-x86_64, r-oldrel-macos-arm64, r-oldrel-macos-x86_64

Version: 1.1
Check: installed package size
Result: NOTE
     installed size is 12.8Mb
     sub-directories of 1Mb or more:
     data 1.8Mb
     libs 10.5Mb
Flavors: r-release-macos-arm64, r-release-macos-x86_64, r-oldrel-macos-arm64, r-oldrel-macos-x86_64