CRAN Package Check Results for Package lemna

Last updated on 2023-03-28 08:54:53 CEST.

Flavor Version Tinstall Tcheck Ttotal Status Flags
r-devel-linux-x86_64-debian-clang 1.0.0 3.74 70.77 74.51 WARN
r-devel-linux-x86_64-debian-gcc 1.0.0 3.05 53.72 56.77 WARN
r-devel-linux-x86_64-fedora-clang 1.0.0 90.53 WARN
r-devel-linux-x86_64-fedora-gcc 1.0.0 97.19 WARN
r-patched-linux-x86_64 1.0.0 6.39 67.66 74.05 WARN
r-release-linux-x86_64 1.0.0 2.79 69.67 72.46 OK
r-release-macos-arm64 1.0.0 36.00 OK
r-release-macos-x86_64 1.0.0 46.00 OK
r-release-windows-x86_64 1.0.0 23.00 110.00 133.00 OK
r-oldrel-macos-arm64 1.0.0 31.00 OK
r-oldrel-macos-x86_64 1.0.0 46.00 OK
r-oldrel-windows-ix86+x86_64 1.0.0 11.00 143.00 154.00 OK

Check Details

Version: 1.0.0
Check: whether package can be installed
Result: WARN
    Found the following significant warnings:
     lemna.c:98:15: warning: a function declaration without a prototype is deprecated in all versions of C [-Wstrict-prototypes]
     lemna.c:109:16: warning: a function declaration without a prototype is deprecated in all versions of C [-Wstrict-prototypes]
     lemna.c:120:16: warning: a function declaration without a prototype is deprecated in all versions of C [-Wstrict-prototypes]
     lemna.c:129:16: warning: a function declaration without a prototype is deprecated in all versions of C [-Wstrict-prototypes]
     lemna.c:138:16: warning: a function declaration without a prototype is deprecated in all versions of C [-Wstrict-prototypes]
    See ‘/home/hornik/tmp/R.check/r-devel-clang/Work/PKGS/lemna.Rcheck/00install.out’ for details.
    * used C compiler: ‘Debian clang version 15.0.6’
Flavor: r-devel-linux-x86_64-debian-clang

Version: 1.0.0
Check: whether package can be installed
Result: WARN
    Found the following significant warnings:
     lemna.c:98:8: warning: function declaration isn’t a prototype [-Wstrict-prototypes]
     lemna.c:109:8: warning: function declaration isn’t a prototype [-Wstrict-prototypes]
     lemna.c:120:8: warning: function declaration isn’t a prototype [-Wstrict-prototypes]
     lemna.c:129:8: warning: function declaration isn’t a prototype [-Wstrict-prototypes]
     lemna.c:138:8: warning: function declaration isn’t a prototype [-Wstrict-prototypes]
    See ‘/home/hornik/tmp/R.check/r-devel-gcc/Work/PKGS/lemna.Rcheck/00install.out’ for details.
    * used C compiler: ‘gcc-12 (Debian 12.2.0-14) 12.2.0’
Flavor: r-devel-linux-x86_64-debian-gcc

Version: 1.0.0
Check: whether package can be installed
Result: WARN
    Found the following significant warnings:
     lemna.c:98:15: warning: a function declaration without a prototype is deprecated in all versions of C [-Wstrict-prototypes]
     lemna.c:109:16: warning: a function declaration without a prototype is deprecated in all versions of C [-Wstrict-prototypes]
     lemna.c:120:16: warning: a function declaration without a prototype is deprecated in all versions of C [-Wstrict-prototypes]
     lemna.c:129:16: warning: a function declaration without a prototype is deprecated in all versions of C [-Wstrict-prototypes]
     lemna.c:138:16: warning: a function declaration without a prototype is deprecated in all versions of C [-Wstrict-prototypes]
    See ‘/data/gannet/ripley/R/packages/tests-clang/lemna.Rcheck/00install.out’ for details.
    * used C compiler: ‘clang version 16.0.0’
Flavor: r-devel-linux-x86_64-fedora-clang

Version: 1.0.0
Check: whether package can be installed
Result: WARN
    Found the following significant warnings:
     lemna.c:98:8: warning: function declaration isn’t a prototype [-Wstrict-prototypes]
     lemna.c:109:8: warning: function declaration isn’t a prototype [-Wstrict-prototypes]
     lemna.c:120:8: warning: function declaration isn’t a prototype [-Wstrict-prototypes]
     lemna.c:129:8: warning: function declaration isn’t a prototype [-Wstrict-prototypes]
     lemna.c:138:8: warning: function declaration isn’t a prototype [-Wstrict-prototypes]
    See ‘/data/gannet/ripley/R/packages/tests-devel/lemna.Rcheck/00install.out’ for details.
    * used C compiler: ‘gcc (GCC) 12.2.1 20221121 (Red Hat 12.2.1-4)’
Flavor: r-devel-linux-x86_64-fedora-gcc

Version: 1.0.0
Check: whether package can be installed
Result: WARN
    Found the following significant warnings:
     lemna.c:98:8: warning: function declaration isn’t a prototype [-Wstrict-prototypes]
     lemna.c:109:8: warning: function declaration isn’t a prototype [-Wstrict-prototypes]
     lemna.c:120:8: warning: function declaration isn’t a prototype [-Wstrict-prototypes]
     lemna.c:129:8: warning: function declaration isn’t a prototype [-Wstrict-prototypes]
     lemna.c:138:8: warning: function declaration isn’t a prototype [-Wstrict-prototypes]
    See ‘/home/hornik/tmp/R.check/r-patched-gcc/Work/PKGS/lemna.Rcheck/00install.out’ for details.
    * used C compiler: ‘gcc-11 (Debian 11.3.0-12) 11.3.0’
Flavor: r-patched-linux-x86_64