CRAN Package Check Results for Package leaps

Last updated on 2022-12-04 07:55:12 CET.

Flavor Version Tinstall Tcheck Ttotal Status Flags
r-devel-linux-x86_64-debian-clang 3.1 3.51 27.01 30.52 NOTE
r-devel-linux-x86_64-debian-gcc 3.1 3.52 20.78 24.30 NOTE
r-devel-linux-x86_64-fedora-clang 3.1 50.61 NOTE
r-devel-linux-x86_64-fedora-gcc 3.1 50.99 NOTE
r-devel-windows-x86_64 3.1 15.00 64.00 79.00 NOTE
r-patched-linux-x86_64 3.1 3.59 25.94 29.53 OK
r-release-linux-x86_64 3.1 3.99 26.39 30.38 OK
r-release-macos-arm64 3.1 18.00 OK
r-release-macos-x86_64 3.1 25.00 OK
r-release-windows-x86_64 3.1 19.00 54.00 73.00 OK
r-oldrel-macos-arm64 3.1 22.00 OK
r-oldrel-macos-x86_64 3.1 32.00 OK
r-oldrel-windows-ix86+x86_64 3.1 13.00 57.00 70.00 OK

Check Details

Version: 3.1
Check: Rd files
Result: NOTE
    checkRd: (-1) leaps.Rd:38: Escaped LaTeX specials: \&
Flavors: r-devel-linux-x86_64-debian-clang, r-devel-linux-x86_64-debian-gcc, r-devel-linux-x86_64-fedora-clang, r-devel-linux-x86_64-fedora-gcc, r-devel-windows-x86_64

Version: 3.1
Check: compiled code
Result: NOTE
    File ‘leaps/libs/leaps.so’:
     Found no calls to: ‘R_registerRoutines’, ‘R_useDynamicSymbols’
    
    It is good practice to register native routines and to disable symbol
    search.
    
    See ‘Writing portable packages’ in the ‘Writing R Extensions’ manual.
Flavors: r-devel-linux-x86_64-fedora-clang, r-devel-linux-x86_64-fedora-gcc