CRAN Package Check Results for Package ldbod

Last updated on 2024-07-14 20:51:01 CEST.

Flavor Version Tinstall Tcheck Ttotal Status Flags
r-devel-linux-x86_64-debian-clang 0.1.2 2.38 30.83 33.21 NOTE
r-devel-linux-x86_64-debian-gcc 0.1.2 2.20 23.84 26.04 NOTE
r-devel-linux-x86_64-fedora-clang 0.1.2 42.19 NOTE
r-devel-linux-x86_64-fedora-gcc 0.1.2 39.18 NOTE
r-devel-windows-x86_64 0.1.2 3.00 43.00 46.00 NOTE
r-patched-linux-x86_64 0.1.2 2.82 29.42 32.24 NOTE
r-release-linux-x86_64 0.1.2 2.47 29.83 32.30 NOTE
r-release-macos-arm64 0.1.2 16.00 NOTE
r-release-macos-x86_64 0.1.2 25.00 NOTE
r-release-windows-x86_64 0.1.2 3.00 44.00 47.00 NOTE
r-oldrel-macos-arm64 0.1.2 17.00 NOTE
r-oldrel-macos-x86_64 0.1.2 24.00 NOTE
r-oldrel-windows-x86_64 0.1.2 3.00 47.00 50.00 NOTE

Check Details

Version: 0.1.2
Check: LazyData
Result: NOTE 'LazyData' is specified without a 'data' directory Flavors: r-devel-linux-x86_64-debian-clang, r-devel-linux-x86_64-debian-gcc, r-devel-linux-x86_64-fedora-clang, r-devel-linux-x86_64-fedora-gcc, r-devel-windows-x86_64, r-patched-linux-x86_64, r-release-linux-x86_64, r-release-macos-arm64, r-release-macos-x86_64, r-release-windows-x86_64, r-oldrel-macos-arm64, r-oldrel-macos-x86_64, r-oldrel-windows-x86_64