Last updated on 2023-03-27 08:51:17 CEST.
Flavor | Version | Tinstall | Tcheck | Ttotal | Status | Flags |
---|---|---|---|---|---|---|
r-devel-linux-x86_64-debian-clang | 0.3.2 | 4.73 | 119.16 | 123.89 | OK | |
r-devel-linux-x86_64-debian-gcc | 0.3.2 | 4.25 | 89.59 | 93.84 | OK | |
r-devel-linux-x86_64-fedora-clang | 0.3.2 | 151.96 | NOTE | |||
r-devel-linux-x86_64-fedora-gcc | 0.3.2 | 158.13 | NOTE | |||
r-patched-linux-x86_64 | 0.3.2 | 6.10 | 114.25 | 120.35 | OK | |
r-release-linux-x86_64 | 0.3.2 | 3.46 | 117.66 | 121.12 | OK | |
r-release-macos-arm64 | 0.3.2 | 35.00 | OK | |||
r-release-macos-x86_64 | 0.3.2 | 64.00 | OK | |||
r-release-windows-x86_64 | 0.3.2 | 32.00 | 165.00 | 197.00 | OK | |
r-oldrel-macos-arm64 | 0.3.2 | 56.00 | OK | |||
r-oldrel-macos-x86_64 | 0.3.2 | 77.00 | OK | |||
r-oldrel-windows-ix86+x86_64 | 0.3.2 | 15.00 | 166.00 | 181.00 | OK |
Version: 0.3.2
Check: dependencies in R code
Result: NOTE
Namespace in Imports field not imported from: ‘cli’
All declared Imports should be used.
Flavors: r-devel-linux-x86_64-fedora-clang, r-devel-linux-x86_64-fedora-gcc