CRAN Package Check Results for Package lba

Last updated on 2022-12-07 19:53:04 CET.

Flavor Version Tinstall Tcheck Ttotal Status Flags
r-devel-linux-x86_64-debian-clang 2.4.5 14.31 85.75 100.06 NOTE
r-devel-linux-x86_64-debian-gcc 2.4.5 9.72 62.90 72.62 NOTE
r-devel-linux-x86_64-fedora-clang 2.4.5 129.99 NOTE
r-devel-linux-x86_64-fedora-gcc 2.4.5 127.14 NOTE
r-devel-windows-x86_64 2.4.5 22.00 107.00 129.00 NOTE
r-patched-linux-x86_64 2.4.5 12.65 77.83 90.48 OK
r-release-linux-x86_64 2.4.5 12.81 80.08 92.89 OK
r-release-macos-arm64 2.4.5 33.00 OK
r-release-macos-x86_64 2.4.5 46.00 OK
r-release-windows-x86_64 2.4.5 33.00 105.00 138.00 OK
r-oldrel-macos-arm64 2.4.5 31.00 OK
r-oldrel-macos-x86_64 2.4.5 45.00 OK
r-oldrel-windows-ix86+x86_64 2.4.5 23.00 97.00 120.00 OK

Check Details

Version: 2.4.5
Check: Rd files
Result: NOTE
    checkRd: (-1) goodnessfit.Rd:105: Escaped LaTeX specials: \&
    checkRd: (-1) lba.Rd:252: Escaped LaTeX specials: \&
    checkRd: (-1) pregnancy.Rd:42: Escaped LaTeX specials: \&
    checkRd: (-1) pregnancy.Rd:46: Escaped LaTeX specials: \&
Flavors: r-devel-linux-x86_64-debian-clang, r-devel-linux-x86_64-debian-gcc, r-devel-linux-x86_64-fedora-clang, r-devel-linux-x86_64-fedora-gcc, r-devel-windows-x86_64