CRAN Package Check Results for Package lava

Last updated on 2022-12-04 07:55:12 CET.

Flavor Version Tinstall Tcheck Ttotal Status Flags
r-devel-linux-x86_64-debian-clang 1.7.0 42.31 421.68 463.99 NOTE
r-devel-linux-x86_64-debian-gcc 1.7.0 32.67 304.86 337.53 NOTE
r-devel-linux-x86_64-fedora-clang 1.7.0 565.85 NOTE
r-devel-linux-x86_64-fedora-gcc 1.7.0 592.70 NOTE
r-devel-windows-x86_64 1.7.0 125.00 457.00 582.00 NOTE
r-patched-linux-x86_64 1.7.0 38.89 391.12 430.01 NOTE
r-release-linux-x86_64 1.7.0 36.80 385.48 422.28 NOTE
r-release-macos-arm64 1.7.0 135.00 NOTE
r-release-macos-x86_64 1.7.0 168.00 NOTE
r-release-windows-x86_64 1.7.0 142.00 454.00 596.00 NOTE
r-oldrel-macos-arm64 1.7.0 126.00 NOTE
r-oldrel-macos-x86_64 1.7.0 168.00 NOTE
r-oldrel-windows-ix86+x86_64 1.7.0 68.00 456.00 524.00 WARN

Check Details

Version: 1.7.0
Check: package dependencies
Result: NOTE
    Packages suggested but not available for checking: 'gof', 'lava.tobit'
Flavors: r-devel-linux-x86_64-debian-clang, r-devel-linux-x86_64-debian-gcc, r-devel-linux-x86_64-fedora-clang, r-devel-linux-x86_64-fedora-gcc, r-devel-windows-x86_64, r-patched-linux-x86_64, r-release-linux-x86_64, r-release-macos-arm64, r-release-macos-x86_64, r-release-windows-x86_64, r-oldrel-macos-arm64, r-oldrel-macos-x86_64

Version: 1.7.0
Check: for unstated dependencies in ‘tests’
Result: WARN
    Warning: unable to access index for repository https://bioconductor.org/packages/3.14/bioc/src/contrib:
     cannot open URL 'https://bioconductor.org/packages/3.14/bioc/src/contrib/PACKAGES'
    Warning: unable to access index for repository https://bioconductor.org/packages/3.14/data/annotation/src/contrib:
     cannot open URL 'https://bioconductor.org/packages/3.14/data/annotation/src/contrib/PACKAGES'
    Warning: unable to access index for repository https://bioconductor.org/packages/3.14/data/experiment/src/contrib:
     cannot open URL 'https://bioconductor.org/packages/3.14/data/experiment/src/contrib/PACKAGES'
Flavor: r-oldrel-windows-ix86+x86_64