CRAN Package Check Results for Package lacrmr

Last updated on 2022-12-03 07:56:38 CET.

Flavor Version Tinstall Tcheck Ttotal Status Flags
r-devel-linux-x86_64-debian-clang 1.0.5 4.49 53.50 57.99 OK
r-devel-linux-x86_64-debian-gcc 1.0.5 3.84 40.10 43.94 OK
r-devel-linux-x86_64-fedora-clang 1.0.5 87.67 NOTE
r-devel-linux-x86_64-fedora-gcc 1.0.5 95.19 NOTE
r-devel-windows-x86_64 1.0.5 9.00 86.00 95.00 OK
r-patched-linux-x86_64 1.0.5 5.22 50.05 55.27 OK
r-release-linux-x86_64 1.0.5 4.55 51.20 55.75 OK
r-release-macos-arm64 1.0.5 30.00 NOTE
r-release-macos-x86_64 1.0.5 37.00 NOTE
r-release-windows-x86_64 1.0.5 15.00 85.00 100.00 OK
r-oldrel-macos-arm64 1.0.5 28.00 NOTE
r-oldrel-macos-x86_64 1.0.5 37.00 NOTE
r-oldrel-windows-ix86+x86_64 1.0.5 13.00 76.00 89.00 OK

Check Details

Version: 1.0.5
Check: dependencies in R code
Result: NOTE
    Namespace in Imports field not imported from: ‘stringr’
     All declared Imports should be used.
Flavors: r-devel-linux-x86_64-fedora-clang, r-devel-linux-x86_64-fedora-gcc, r-release-macos-arm64, r-release-macos-x86_64, r-oldrel-macos-arm64, r-oldrel-macos-x86_64