CRAN Package Check Results for Package labdsv

Last updated on 2022-12-06 07:54:17 CET.

Flavor Version Tinstall Tcheck Ttotal Status Flags
r-devel-linux-x86_64-debian-clang 2.0-1 13.56 108.15 121.71 OK
r-devel-linux-x86_64-debian-gcc 2.0-1 10.42 80.43 90.85 OK
r-devel-linux-x86_64-fedora-clang 2.0-1 159.42 NOTE
r-devel-linux-x86_64-fedora-gcc 2.0-1 154.47 NOTE
r-devel-windows-x86_64 2.0-1 44.00 159.00 203.00 OK
r-patched-linux-x86_64 2.0-1 16.68 99.87 116.55 OK
r-release-linux-x86_64 2.0-1 12.30 99.98 112.28 OK
r-release-macos-arm64 2.0-1 44.00 OK
r-release-macos-x86_64 2.0-1 61.00 OK
r-release-windows-x86_64 2.0-1 44.00 154.00 198.00 OK
r-oldrel-macos-arm64 2.0-1 50.00 OK
r-oldrel-macos-x86_64 2.0-1 81.00 OK
r-oldrel-windows-ix86+x86_64 2.0-1 35.00 176.00 211.00 OK

Check Details

Version: 2.0-1
Check: Rd cross-references
Result: NOTE
    Undeclared package ‘fso’ in Rd xrefs
Flavor: r-devel-linux-x86_64-fedora-clang

Version: 2.0-1
Check: compiled code
Result: NOTE
    File ‘labdsv/libs/labdsv.so’:
     Found no calls to: ‘R_registerRoutines’, ‘R_useDynamicSymbols’
    
    It is good practice to register native routines and to disable symbol
    search.
    
    See ‘Writing portable packages’ in the ‘Writing R Extensions’ manual.
Flavors: r-devel-linux-x86_64-fedora-clang, r-devel-linux-x86_64-fedora-gcc