CRAN Package Check Results for Package kknn

Last updated on 2022-10-07 20:52:26 CEST.

Flavor Version Tinstall Tcheck Ttotal Status Flags
r-devel-linux-x86_64-debian-clang 1.3.1 7.08 83.20 90.28 OK
r-devel-linux-x86_64-debian-gcc 1.3.1 8.30 63.28 71.58 NOTE
r-devel-linux-x86_64-fedora-clang 1.3.1 126.80 NOTE
r-devel-linux-x86_64-fedora-gcc 1.3.1 121.64 NOTE
r-devel-windows-x86_64 1.3.1 15.00 110.00 125.00 OK
r-patched-linux-x86_64 1.3.1 10.91 78.92 89.83 OK
r-release-linux-x86_64 1.3.1 8.91 79.96 88.87 OK
r-release-macos-arm64 1.3.1 35.00 OK
r-release-macos-x86_64 1.3.1 47.00 OK
r-release-windows-x86_64 1.3.1 14.00 115.00 129.00 OK
r-oldrel-macos-arm64 1.3.1 37.00 OK
r-oldrel-macos-x86_64 1.3.1 66.00 OK
r-oldrel-windows-ix86+x86_64 1.3.1 23.00 128.00 151.00 OK

Check Details

Version: 1.3.1
Check: compilation flags used
Result: NOTE
    Compilation used the following non-portable flag(s):
     ‘-Wstrict-prototypes’
Flavor: r-devel-linux-x86_64-debian-gcc

Version: 1.3.1
Check: compiled code
Result: NOTE
    File ‘kknn/libs/kknn.so’:
     Found no calls to: ‘R_registerRoutines’, ‘R_useDynamicSymbols’
    
    It is good practice to register native routines and to disable symbol
    search.
    
    See ‘Writing portable packages’ in the ‘Writing R Extensions’ manual.
Flavors: r-devel-linux-x86_64-fedora-clang, r-devel-linux-x86_64-fedora-gcc