CRAN Package Check Results for Package kgschart

Last updated on 2023-04-01 08:55:44 CEST.

Flavor Version Tinstall Tcheck Ttotal Status Flags
r-devel-linux-x86_64-debian-clang 1.3.5 3.51 41.67 45.18 NOTE
r-devel-linux-x86_64-debian-gcc 1.3.5 2.35 32.64 34.99 NOTE
r-devel-linux-x86_64-fedora-clang 1.3.5 57.00 NOTE
r-devel-linux-x86_64-fedora-gcc 1.3.5 54.50 NOTE
r-devel-windows-x86_64 1.3.5 80.00 0.00 80.00 NOTE
r-patched-linux-x86_64 1.3.5 3.13 40.98 44.11 NOTE
r-release-linux-x86_64 1.3.5 3.28 42.80 46.08 NOTE
r-release-macos-arm64 1.3.5 22.00 NOTE
r-release-macos-x86_64 1.3.5 40.00 NOTE
r-release-windows-x86_64 1.3.5 62.00 81.00 143.00 NOTE
r-oldrel-macos-arm64 1.3.5 39.00 NOTE
r-oldrel-macos-x86_64 1.3.5 45.00 NOTE
r-oldrel-windows-ix86+x86_64 1.3.5 9.00 77.00 86.00 NOTE

Check Details

Version: 1.3.5
Check: LazyData
Result: NOTE
     'LazyData' is specified without a 'data' directory
Flavors: r-devel-linux-x86_64-debian-clang, r-devel-linux-x86_64-debian-gcc, r-devel-linux-x86_64-fedora-clang, r-devel-linux-x86_64-fedora-gcc, r-devel-windows-x86_64, r-patched-linux-x86_64, r-release-linux-x86_64, r-release-macos-arm64, r-release-macos-x86_64, r-release-windows-x86_64, r-oldrel-macos-arm64, r-oldrel-macos-x86_64, r-oldrel-windows-ix86+x86_64