CRAN Package Check Results for Package kdensity

Last updated on 2024-02-23 07:52:12 CET.

Flavor Version Tinstall Tcheck Ttotal Status Flags
r-devel-linux-x86_64-debian-clang 1.1.0 NOTE
r-devel-linux-x86_64-debian-gcc 1.1.0 7.73 64.64 72.37 NOTE
r-devel-linux-x86_64-fedora-clang 1.1.0 116.99 NOTE
r-devel-linux-x86_64-fedora-gcc 1.1.0 126.44 NOTE
r-devel-windows-x86_64 1.1.0 10.00 82.00 92.00 NOTE
r-patched-linux-x86_64 1.1.0 14.34 85.68 100.02 NOTE
r-release-linux-x86_64 1.1.0 9.56 84.90 94.46 NOTE
r-release-macos-arm64 1.1.0 44.00 NOTE
r-release-macos-x86_64 1.1.0 67.00 NOTE
r-release-windows-x86_64 1.1.0 11.00 94.00 105.00 NOTE
r-oldrel-macos-arm64 1.1.0 25.00 NOTE
r-oldrel-windows-x86_64 1.1.0 12.00 90.00 102.00 NOTE

Check Details

Version: 1.1.0
Check: LazyData
Result: NOTE 'LazyData' is specified without a 'data' directory Flavors: r-devel-linux-x86_64-debian-clang, r-devel-linux-x86_64-debian-gcc, r-devel-linux-x86_64-fedora-clang, r-devel-linux-x86_64-fedora-gcc, r-devel-windows-x86_64, r-patched-linux-x86_64, r-release-linux-x86_64, r-release-macos-arm64, r-release-macos-x86_64, r-release-windows-x86_64, r-oldrel-macos-arm64, r-oldrel-windows-x86_64

Version: 1.1.0
Check: dependencies in R code
Result: NOTE Namespaces in Imports field not imported from: ‘EQL’ ‘univariateML’ All declared Imports should be used. Flavors: r-devel-linux-x86_64-fedora-clang, r-devel-linux-x86_64-fedora-gcc, r-oldrel-macos-arm64