CRAN Package Check Results for Package karaoke

Last updated on 2022-12-05 07:53:44 CET.

Flavor Version Tinstall Tcheck Ttotal Status Flags
r-devel-linux-x86_64-debian-clang 1.0 3.43 35.49 38.92 NOTE
r-devel-linux-x86_64-debian-gcc 1.0 2.69 27.64 30.33 NOTE
r-devel-linux-x86_64-fedora-clang 1.0 59.39 NOTE
r-devel-linux-x86_64-fedora-gcc 1.0 57.49 NOTE
r-devel-windows-x86_64 1.0 8.00 68.00 76.00 OK
r-patched-linux-x86_64 1.0 3.55 35.04 38.59 NOTE
r-release-linux-x86_64 1.0 3.52 34.98 38.50 NOTE
r-release-macos-arm64 1.0 21.00 OK
r-release-macos-x86_64 1.0 27.00 OK
r-release-windows-x86_64 1.0 9.00 64.00 73.00 OK
r-oldrel-macos-arm64 1.0 27.00 OK
r-oldrel-macos-x86_64 1.0 38.00 OK
r-oldrel-windows-ix86+x86_64 1.0 8.00 59.00 67.00 OK

Check Details

Version: 1.0
Check: for non-standard things in the check directory
Result: NOTE
    Found the following files/directories:
     'song.wav' 'song4karaoke.wav'
Flavors: r-devel-linux-x86_64-debian-clang, r-devel-linux-x86_64-debian-gcc, r-devel-linux-x86_64-fedora-clang, r-devel-linux-x86_64-fedora-gcc, r-patched-linux-x86_64, r-release-linux-x86_64