CRAN Package Check Results for Package jpmesh

Last updated on 2022-12-03 07:56:38 CET.

Flavor Version Tinstall Tcheck Ttotal Status Flags
r-devel-linux-x86_64-debian-clang 2.1.0 11.96 190.14 202.10 OK
r-devel-linux-x86_64-debian-gcc 2.1.0 10.89 144.58 155.47 OK
r-devel-linux-x86_64-fedora-clang 2.1.0 265.62 NOTE
r-devel-linux-x86_64-fedora-gcc 2.1.0 265.61 NOTE
r-devel-windows-x86_64 2.1.0 87.00 234.00 321.00 OK
r-patched-linux-x86_64 2.1.0 12.13 181.81 193.94 OK
r-release-linux-x86_64 2.1.0 11.23 182.54 193.77 OK
r-release-macos-arm64 2.1.0 62.00 NOTE
r-release-macos-x86_64 2.1.0 133.00 NOTE
r-release-windows-x86_64 2.1.0 50.00 227.00 277.00 OK
r-oldrel-macos-arm64 2.1.0 63.00 NOTE
r-oldrel-macos-x86_64 2.1.0 89.00 NOTE
r-oldrel-windows-ix86+x86_64 2.1.0 30.00 223.00 253.00 OK

Check Details

Version: 2.1.0
Check: data for non-ASCII characters
Result: NOTE
     Note: found 176 marked UTF-8 strings
Flavors: r-devel-linux-x86_64-fedora-clang, r-devel-linux-x86_64-fedora-gcc, r-release-macos-arm64, r-release-macos-x86_64, r-oldrel-macos-arm64, r-oldrel-macos-x86_64