CRAN Package Check Results for Package janeaustenr

Last updated on 2022-11-28 06:50:14 CET.

Flavor Version Tinstall Tcheck Ttotal Status Flags
r-devel-linux-x86_64-debian-clang 1.0.0 3.68 26.77 30.45 OK
r-devel-linux-x86_64-debian-gcc 1.0.0 2.83 21.35 24.18 OK
r-devel-linux-x86_64-fedora-clang 1.0.0 49.27 NOTE
r-devel-linux-x86_64-fedora-gcc 1.0.0 49.68 NOTE
r-devel-windows-x86_64 1.0.0 11.00 60.00 71.00 OK
r-patched-linux-x86_64 1.0.0 2.83 26.26 29.09 OK
r-release-linux-x86_64 1.0.0 3.22 23.62 26.84 OK
r-release-macos-arm64 1.0.0 27.00 NOTE
r-release-macos-x86_64 1.0.0 38.00 NOTE
r-release-windows-x86_64 1.0.0 21.00 56.00 77.00 OK
r-oldrel-macos-arm64 1.0.0 31.00 NOTE
r-oldrel-macos-x86_64 1.0.0 42.00 NOTE
r-oldrel-windows-ix86+x86_64 1.0.0 8.00 49.00 57.00 OK

Check Details

Version: 1.0.0
Check: data for non-ASCII characters
Result: NOTE
     Note: found 1 marked UTF-8 string
Flavors: r-devel-linux-x86_64-fedora-clang, r-devel-linux-x86_64-fedora-gcc, r-release-macos-arm64, r-release-macos-x86_64, r-oldrel-macos-arm64, r-oldrel-macos-x86_64