CRAN Package Check Results for Package janeaustenr

Last updated on 2023-12-01 07:50:08 CET.

Flavor Version Tinstall Tcheck Ttotal Status Flags
r-devel-linux-x86_64-debian-clang 1.0.0 3.38 25.69 29.07 OK
r-devel-linux-x86_64-debian-gcc 1.0.0 2.72 20.29 23.01 OK
r-devel-linux-x86_64-fedora-clang 1.0.0 37.21 NOTE
r-devel-linux-x86_64-fedora-gcc 1.0.0 35.13 NOTE
r-devel-windows-x86_64 1.0.0 4.00 44.00 48.00 OK
r-patched-linux-x86_64 1.0.0 2.92 25.02 27.94 OK
r-release-linux-x86_64 1.0.0 2.91 25.19 28.10 OK
r-release-macos-arm64 1.0.0 18.00 OK
r-release-macos-x86_64 1.0.0 26.00 OK
r-release-windows-x86_64 1.0.0 5.00 44.00 49.00 OK
r-oldrel-macos-arm64 1.0.0 17.00 OK
r-oldrel-macos-x86_64 1.0.0 38.00 NOTE
r-oldrel-windows-x86_64 1.0.0 5.00 47.00 52.00 OK

Check Details

Version: 1.0.0
Check: data for non-ASCII characters
Result: NOTE Note: found 1 marked UTF-8 string Flavors: r-devel-linux-x86_64-fedora-clang, r-devel-linux-x86_64-fedora-gcc, r-oldrel-macos-x86_64