CRAN Package Check Results for Package jackalope

Last updated on 2022-12-03 07:56:38 CET.

Flavor Version Tinstall Tcheck Ttotal Status Flags
r-devel-linux-x86_64-debian-clang 1.1.3 291.84 59.21 351.05 NOTE
r-devel-linux-x86_64-debian-gcc 1.1.3 244.72 45.35 290.07 NOTE
r-devel-linux-x86_64-fedora-clang 1.1.3 566.14 NOTE
r-devel-linux-x86_64-fedora-gcc 1.1.3 547.01 NOTE
r-devel-windows-x86_64 1.1.3 277.00 164.00 441.00 NOTE
r-patched-linux-x86_64 1.1.3 266.44 53.30 319.74 NOTE
r-release-linux-x86_64 1.1.3 267.24 52.59 319.83 NOTE
r-release-macos-arm64 1.1.3 123.00 NOTE
r-release-macos-x86_64 1.1.3 157.00 NOTE
r-release-windows-x86_64 1.1.3 310.00 162.00 472.00 NOTE
r-oldrel-macos-arm64 1.1.3 161.00 NOTE
r-oldrel-macos-x86_64 1.1.3 151.00 NOTE
r-oldrel-windows-ix86+x86_64 1.1.3 772.00 133.00 905.00 NOTE

Check Details

Version: 1.1.3
Check: for GNU extensions in Makefiles
Result: NOTE
    GNU make is a SystemRequirements.
Flavors: r-devel-linux-x86_64-debian-clang, r-devel-linux-x86_64-debian-gcc, r-devel-linux-x86_64-fedora-clang, r-devel-linux-x86_64-fedora-gcc, r-devel-windows-x86_64, r-patched-linux-x86_64, r-release-linux-x86_64, r-release-macos-arm64, r-release-macos-x86_64, r-release-windows-x86_64, r-oldrel-macos-arm64, r-oldrel-macos-x86_64, r-oldrel-windows-ix86+x86_64

Version: 1.1.3
Check: installed package size
Result: NOTE
     installed size is 11.2Mb
     sub-directories of 1Mb or more:
     art_profiles 1.5Mb
     libs 9.0Mb
Flavors: r-devel-windows-x86_64, r-release-macos-arm64, r-release-macos-x86_64, r-release-windows-x86_64, r-oldrel-macos-arm64, r-oldrel-macos-x86_64, r-oldrel-windows-ix86+x86_64