CRAN Package Check Results for Package jSDM

Last updated on 2022-12-03 19:52:53 CET.

Flavor Version Tinstall Tcheck Ttotal Status Flags
r-devel-linux-x86_64-debian-clang 0.2.1 844.97 214.42 1059.39 OK
r-devel-linux-x86_64-debian-gcc 0.2.1 667.76 162.60 830.36 OK
r-devel-linux-x86_64-fedora-clang 0.2.1 1697.19 OK
r-devel-linux-x86_64-fedora-gcc 0.2.1 1515.59 OK
r-devel-windows-x86_64 0.2.1 820.00 354.00 1174.00 OK
r-patched-linux-x86_64 0.2.1 712.11 205.67 917.78 OK
r-release-linux-x86_64 0.2.1 717.13 200.58 917.71 OK
r-release-macos-arm64 0.2.1 332.00 NOTE
r-release-macos-x86_64 0.2.1 467.00 NOTE
r-release-windows-x86_64 0.2.1 648.00 358.00 1006.00 OK
r-oldrel-macos-arm64 0.2.1 287.00 NOTE
r-oldrel-macos-x86_64 0.2.1 445.00 NOTE
r-oldrel-windows-ix86+x86_64 0.2.1 2071.00 703.00 2774.00 NOTE

Check Details

Version: 0.2.1
Check: installed package size
Result: NOTE
     installed size is 29.6Mb
     sub-directories of 1Mb or more:
     libs 28.1Mb
Flavors: r-release-macos-arm64, r-release-macos-x86_64, r-oldrel-macos-arm64, r-oldrel-macos-x86_64, r-oldrel-windows-ix86+x86_64

Version: 0.2.1
Check: package dependencies
Result: NOTE
    Package suggested but not available for checking: ‘boral’
Flavor: r-release-macos-x86_64