Last updated on 2023-09-24 08:58:21 CEST.
Flavor | Version | Tinstall | Tcheck | Ttotal | Status | Flags |
---|---|---|---|---|---|---|
r-devel-linux-x86_64-debian-clang | 2.0.0 | 43.80 | 411.11 | 454.91 | NOTE | |
r-devel-linux-x86_64-debian-gcc | 2.0.0 | 35.22 | 299.30 | 334.52 | NOTE | |
r-devel-linux-x86_64-fedora-clang | 2.0.0 | 529.56 | OK | |||
r-devel-linux-x86_64-fedora-gcc | 2.0.0 | 566.82 | OK | |||
r-devel-windows-x86_64 | 2.0.0 | 34.00 | 258.00 | 292.00 | NOTE | |
r-patched-linux-x86_64 | 2.0.0 | 29.46 | 370.02 | 399.48 | NOTE | |
r-release-linux-x86_64 | 2.0.0 | 29.49 | 391.54 | 421.03 | NOTE | |
r-release-macos-arm64 | 2.0.0 | 143.00 | NOTE | |||
r-release-macos-x86_64 | 2.0.0 | 408.00 | NOTE | |||
r-release-windows-x86_64 | 2.0.0 | 47.00 | 358.00 | 405.00 | NOTE | |
r-oldrel-macos-arm64 | 2.0.0 | 139.00 | NOTE | |||
r-oldrel-macos-x86_64 | 2.0.0 | 188.00 | NOTE | |||
r-oldrel-windows-x86_64 | 2.0.0 | 47.00 | 335.00 | 382.00 | NOTE |
Version: 2.0.0
Check: package dependencies
Result: NOTE
Package suggested but not available for checking: ‘INLA’
Flavors: r-devel-linux-x86_64-debian-clang, r-devel-linux-x86_64-debian-gcc, r-devel-windows-x86_64, r-patched-linux-x86_64, r-release-linux-x86_64, r-release-macos-arm64, r-release-macos-x86_64, r-release-windows-x86_64, r-oldrel-macos-arm64, r-oldrel-macos-x86_64, r-oldrel-windows-x86_64
Version: 2.0.0
Check: Rd cross-references
Result: NOTE
Package unavailable to check Rd xrefs: ‘INLA’
Flavors: r-devel-linux-x86_64-debian-clang, r-devel-linux-x86_64-debian-gcc, r-devel-windows-x86_64, r-patched-linux-x86_64, r-release-linux-x86_64, r-release-macos-arm64, r-release-macos-x86_64, r-release-windows-x86_64, r-oldrel-macos-arm64, r-oldrel-macos-x86_64, r-oldrel-windows-x86_64