CRAN Package Check Results for Package indiedown

Last updated on 2022-11-29 06:50:50 CET.

Flavor Version Tinstall Tcheck Ttotal Status Flags
r-devel-linux-x86_64-debian-clang 0.1.1 2.21 37.28 39.49 NOTE
r-devel-linux-x86_64-debian-gcc 0.1.1 2.24 29.33 31.57 NOTE
r-devel-linux-x86_64-fedora-clang 0.1.1 60.43 NOTE
r-devel-linux-x86_64-fedora-gcc 0.1.1 60.84 NOTE
r-devel-windows-x86_64 0.1.1 33.00 75.00 108.00 NOTE
r-patched-linux-x86_64 0.1.1 2.48 36.85 39.33 NOTE
r-release-linux-x86_64 0.1.1 2.54 35.01 37.55 NOTE
r-release-macos-arm64 0.1.1 22.00 NOTE
r-release-macos-x86_64 0.1.1 36.00 NOTE
r-release-windows-x86_64 0.1.1 27.00 74.00 101.00 NOTE
r-oldrel-macos-arm64 0.1.1 26.00 NOTE
r-oldrel-macos-x86_64 0.1.1 39.00 NOTE
r-oldrel-windows-ix86+x86_64 0.1.1 7.00 69.00 76.00 NOTE

Check Details

Version: 0.1.1
Check: LazyData
Result: NOTE
     'LazyData' is specified without a 'data' directory
Flavors: r-devel-linux-x86_64-debian-clang, r-devel-linux-x86_64-debian-gcc, r-devel-linux-x86_64-fedora-clang, r-devel-linux-x86_64-fedora-gcc, r-devel-windows-x86_64, r-patched-linux-x86_64, r-release-linux-x86_64, r-release-macos-arm64, r-release-macos-x86_64, r-release-windows-x86_64, r-oldrel-macos-arm64, r-oldrel-macos-x86_64, r-oldrel-windows-ix86+x86_64