Last updated on 2023-03-27 08:51:16 CEST.
Flavor | Version | Tinstall | Tcheck | Ttotal | Status | Flags |
---|---|---|---|---|---|---|
r-devel-linux-x86_64-debian-clang | 3.3.0 | 16.09 | 261.69 | 277.78 | OK | |
r-devel-linux-x86_64-debian-gcc | 3.3.0 | 11.18 | 257.80 | 268.98 | OK | |
r-devel-linux-x86_64-fedora-clang | 3.3.0 | 437.23 | NOTE | |||
r-devel-linux-x86_64-fedora-gcc | 3.3.0 | 441.30 | OK | |||
r-patched-linux-x86_64 | 3.3.0 | 22.20 | 197.59 | 219.79 | OK | |
r-release-linux-x86_64 | 3.3.0 | 9.75 | 324.97 | 334.72 | OK | |
r-release-macos-arm64 | 3.3.0 | 111.00 | NOTE | |||
r-release-macos-x86_64 | 3.3.0 | 149.00 | NOTE | |||
r-release-windows-x86_64 | 3.3.0 | 388.00 | 441.00 | 829.00 | NOTE | |
r-oldrel-macos-arm64 | 3.3.0 | 104.00 | NOTE | |||
r-oldrel-macos-x86_64 | 3.3.0 | 163.00 | NOTE | |||
r-oldrel-windows-ix86+x86_64 | 3.3.0 | 33.00 | 422.00 | 455.00 | NOTE |
Version: 3.3.0
Check: installed package size
Result: NOTE
installed size is 10.1Mb
sub-directories of 1Mb or more:
doc 9.6Mb
Flavors: r-devel-linux-x86_64-fedora-clang, r-release-macos-arm64, r-release-macos-x86_64, r-release-windows-x86_64, r-oldrel-macos-arm64, r-oldrel-macos-x86_64, r-oldrel-windows-ix86+x86_64
Version: 3.3.0
Check: Rd cross-references
Result: NOTE
Undeclared package ‘DT’ in Rd xrefs
Flavor: r-devel-linux-x86_64-fedora-clang
Version: 3.3.0
Check: R code for possible problems
Result: NOTE
Initiating curl with CURL_SSL_BACKEND: openssl
Flavor: r-oldrel-windows-ix86+x86_64